{"id":180,"date":"2016-11-01T09:51:31","date_gmt":"2016-11-01T12:51:31","guid":{"rendered":"http:\/\/192.168.1.190\/hospitalonativia\/?page_id=180"},"modified":"2023-12-27T12:56:57","modified_gmt":"2023-12-27T15:56:57","slug":"nefrologia-y-hemodialisis","status":"publish","type":"page","link":"https:\/\/www.hospitalonativia.gob.ar\/?page_id=180","title":{"rendered":"Nefrolog\u00eda y Hemodi\u00e1lisis"},"content":{"rendered":"<div class=\"col-md-12 text-center mt16 mb32\">\n<p><strong>Jefe de Programa: Dr. Daniel Moreno<\/strong><\/p>\n<\/div>\n<div class=\"col-md-12 mb16 mt16\"><\/div>\n<div class=\"col-md-12 mb16 mt16\">\n<p><em><u>MISI\u00d3N<\/u>:<\/em><\/p>\n<p>Procurar la atenci\u00f3n integral, respetando los principios \u00e9ticos de la Beneficencia, la Autonom\u00eda, la Justicia o Equidad, de las personas con alguna patolog\u00eda renal que se asisten en la consulta externa, el internado o a trav\u00e9s de una derivaci\u00f3n, de la provincia, provincias vecinas y pa\u00edses lim\u00edtrofes. Trabajando con un equipo multidisciplinario, altamente capacitado, abocado a la prevenci\u00f3n, atenci\u00f3n, tratamiento y rehabilitaci\u00f3n del Enfermo Renal y su familia.<\/p>\n<\/div>\n<p><em><u>VISI\u00d3N<\/u>:<\/em><\/p>\n<p>Ser el Programa de Nefrolog\u00eda y Hemodi\u00e1lisis p\u00fablico, de Referencia en la provincia, atendiendo a todo paciente con patolog\u00eda renal.\u00a0Formar profesionales capacitados, para resolver procesos agudos y cr\u00f3nicos. Promulgar la docencia y la investigaci\u00f3n.<\/p>\n<p><em><u>VALORES<\/u>:<\/em><\/p>\n<ul>\n<li>COMPROMISO: Para con el paciente que solicita nuestros servicios al brindarle nuestra confianza y apoyo.<u><\/u><\/li>\n<li>\u00c9TICA: Apego a los c\u00f3digos, normas del actuar del equipo de salud.<u><\/u><\/li>\n<li>HONESTIDAD: Reconocimiento de nuestra actitud o vocaci\u00f3n por el servicio ante los intereses personales o de grupo.<u><\/u><\/li>\n<li>CONGRUENCIA: Identificarse con la misi\u00f3n y visi\u00f3n de la instituci\u00f3n y comprometerse con ella.<u><\/u><\/li>\n<li>\u00a0EFICACIA: Actuar adecuadamente para el logro de los objetivos institucionales y de salud.<u><\/u><\/li>\n<li>EFICIENCIA: Obtenci\u00f3n de los mejores resultados en el logro de los objetivos por medio del uso racional de los recursos disponibles.<u><\/u><\/li>\n<li>TRABAJO EN EQUIPO: Trabajamos con una visi\u00f3n, respetando y valorando nuestras diferencias, fortaleciendo las relaciones interpersonales, y priorizando el \u00e9xito del equipo, por encima del individual.\u00a0 \u00a0<u><\/u><\/li>\n<\/ul>\n<p><strong><u>OBJETIVOS GENERALES<\/u><\/strong><\/p>\n<p>Asegurar la asistencia nefrol\u00f3gica a pacientes: ni\u00f1os y adultos, dentro de un modelo integral bio-psicosocial, en la consulta externa. <u><\/u><\/p>\n<p>La hemodi\u00e1lisis, la urgencia, la hospitalizaci\u00f3n, en &gt; de 15 a\u00f1os mediante un:\u00a0 <u><\/u><\/p>\n<ul>\n<li>Equipo multidisciplinario.<u><\/u><\/li>\n<li>Referencia y contra referencia con el Primer Nivel Atenci\u00f3n.<u><\/u><\/li>\n<li>Fortaleciendo las alianzas con los otros programas del hospital.\u00a0\u00a0\u00a0 <u><\/u><\/li>\n<\/ul>\n<p><u><strong>Cartera de Servicios y Poblaci\u00f3n destinataria<\/strong><\/u><\/p>\n<p>Pacientes con posible patolog\u00eda renal o con diagn\u00f3stico de Enfermedad Renal y requieran asistencia nefrol\u00f3gica, sean \u00e9stos derivados desde el primer nivel de atenci\u00f3n, hospitales de esta provincia o de otras.<\/p>\n<p><span style=\"color: #000080;\"><strong>Consulta Externa<\/strong><\/span><\/p>\n<p><span style=\"color: #000080;\">Se atiende en consultorio externo: ni\u00f1os y adultos,\u00a0 ambos sexos, de lunes a viernes de hs 8:00 a 15:30.<\/span><\/p>\n<p><span style=\"color: #000080;\">Sus actividades son:<\/span><\/p>\n<ol>\n<li><span style=\"color: #000080;\">Consulta externa para consulta por primera vez<\/span><\/li>\n<li><span style=\"color: #000080;\">Consulta para controles ulteriores<\/span><\/li>\n<li><span style=\"color: #000080;\">Detecci\u00f3n del ERC, prevenci\u00f3n y protecci\u00f3n renal, control ulterior.<\/span><\/li>\n<li><span style=\"color: #000080;\">Detecci\u00f3n de Glomerulopat\u00edas, programar PBR, tratamiento.<\/span><\/li>\n<li><span style=\"color: #000080;\">Detecci\u00f3n de trastornos en metabolismo fosfoc\u00e1lcico. Control y tratamiento.<\/span><\/li>\n<li><span style=\"color: #000080;\">Consulta de Nefrolog\u00eda pedi\u00e1trica.<\/span><\/li>\n<li><span style=\"color: #000080;\">Control de pacientes postrasplante renal.<\/span><\/li>\n<\/ol>\n<p>Patolog\u00edas prevalentes<\/p>\n<ul>\n<li>Enfermedad glomerular 1\u00b0ria y 2\u00b0ria.<\/li>\n<li>Indicaci\u00f3n de Punci\u00f3n Biopsia Renal bajo gu\u00eda ecogr\u00e1fica.<\/li>\n<li>HTA y DBT: prevenci\u00f3n y protecci\u00f3n renal.<\/li>\n<li>Nefropat\u00eda pedi\u00e1trica.<\/li>\n<li>ERC: detecci\u00f3n precoz, factores de riesgo, renal oculto, estratificaci\u00f3n.<\/li>\n<li>ERCA, ERCT: indicaci\u00f3n de tratamiento pre-di\u00e1lisis y de terapia sustitutiva renal.<\/li>\n<li>Uropat\u00edas obstructivas.<\/li>\n<li>Litiasis renal.<\/li>\n<li>Tumores renales.<\/li>\n<li>Infecci\u00f3n Urinaria.<\/li>\n<\/ul>\n<p>Pacientes con enfermedad renal en la Hospitalizaci\u00f3n: &gt; 15 a\u00f1os, ambos sexos, propios o por interconsulta de otras especialidades.<\/p>\n<ul>\n<li>Nefropat\u00eda diab\u00e9tica.<\/li>\n<li>Enfermedades del Tiroides.<\/li>\n<li>Hipertensi\u00f3n arterial.<\/li>\n<li>S\u00edndrome de tipo metab\u00f3lico, obesidad.<\/li>\n<li>Glomerulopat\u00edas.<\/li>\n<li>Infecci\u00f3n Urinaria.<\/li>\n<li>Poliquistosis renal.<\/li>\n<li>Litiasis renal.<\/li>\n<li>Uropat\u00edas obstructivas.<\/li>\n<li>Punci\u00f3n biopsia renal.<\/li>\n<li>Postparatiroidectom\u00eda.<\/li>\n<li>IRA.<\/li>\n<li>Pulsos de Inmunosupresores en Hospital de d\u00eda.<\/li>\n<\/ul>\n<p>Pacientes con Enfermedad Renal Cr\u00f3nica, Estadio V, &gt; 15a\u00f1os en Hemodi\u00e1lisis, de ambos sexos.<\/p>\n<ul>\n<li>Se busca confeccionar en forma temprana el acceso vascular definitivo: FAVI, PTFE, Cat\u00e9ter permanente. Caso contrario se confecciona acceso vascular transitorio (cat\u00e9ter transitorio) hasta obtener el definitivo.<\/li>\n<li>Se trata complicaciones de la ERC: anemia, enfermedad mineral \u00f3sea.<\/li>\n<li>Se vacuna contra VHB.<\/li>\n<li>Se ingresa a los pacientes ERC a trav\u00e9s del SINTRA, para estudio pretrasplante, con indicaci\u00f3n m\u00e9dica.<\/li>\n<li>Se controla la complicaci\u00f3n cardiovascular (S\u00edndrome cardiorrenal) y los\u00a0procesos infecciosos que pudieran surgir.<\/li>\n<li>Se trabaja con Criterios de Calidad en la Unidad: anemia, perfil de hierro, producto f\u00f3sforo-calcio, estado nutricional, accesos vasculares, incidencia y prevalencia de la enfermedad renal, \u00a0KT\/V de Urea, vacunaci\u00f3n (VHB, antineumol\u00f3gica, antitet\u00e1nica).<\/li>\n<li>Se dializa a pacientes con enfermedades infectocontagiosas en un lugar aislado.<\/li>\n<li>Se dializa a pacientes con IRA en UCI, en forma diaria o intermitente.<\/li>\n<li>Tratamiento conservador del ERC Estadio V, que no realiza terapia sustitutiva.<\/li>\n<\/ul>\n<p>Pacientes con Hiperparatiroidismo secundario a ERC, Estadio V, &gt; 15 a\u00f1os, en hemodi\u00e1lisis a trav\u00e9s del programa, del hospital y derivados de otros centros asistenciales.<\/p>\n<ul>\n<li>Preparaci\u00f3n pre-quir\u00fargica.<\/li>\n<li>Asistencia en postoperatorio inmediato-mediato.<\/li>\n<\/ul>\n<p><span style=\"color: #993366;\"><strong>Se excluye de la cartera de servicio:<\/strong><\/span><\/p>\n<ul>\n<li><span style=\"color: #993366;\">No se interna a ni\u00f1os.<\/span><\/li>\n<li><span style=\"color: #993366;\">No se dializa a ni\u00f1os.<\/span><\/li>\n<li><span style=\"color: #993366;\">No se biopsia a ni\u00f1os.<\/span><\/li>\n<li><span style=\"color: #993366;\">No se realiza plasmaf\u00e9resis, hemoperfusi\u00f3n, hemodiafiltraci\u00f3n, terapias lentas continuas.<\/span><\/li>\n<\/ul>\n<p><strong><u>\u00c1rea de Formaci\u00f3n<\/u><\/strong><\/p>\n<ul>\n<li>Residencia en Nefrolog\u00eda, con un residente cuya carga horaria es de 44 hs, bajo la responsabilidad de un Instructor m\u00e9dico nefr\u00f3logo especialista. Duraci\u00f3n tres a\u00f1os.<\/li>\n<li>Programa de Concurrencia para m\u00e9dicos, con dos concurrentes, con 30 hs, a cargo del Jefe del Programa y Responsable docente, ambos con 30 hs. Duraci\u00f3n tres a\u00f1os.<\/li>\n<li>Programa de Formaci\u00f3n de Enfermeros T\u00e9cnicos en Hemodi\u00e1lisis, con 30 hs, \u00a0a cargo de Jefe de Programa, Jefe de Enfermer\u00eda de Hemodi\u00e1lisis, responsables docentes, todos con 30 hs. Duraci\u00f3n un a\u00f1o.<\/li>\n<\/ul>\n<p><strong><u>Recursos Humanos<\/u><\/strong><\/p>\n<p><strong>\u00a0 \u00a0 \u00a0 \u00a0 Personal Profesional M\u00e9dico<\/strong><\/p>\n","protected":false},"excerpt":{"rendered":"<p>Jefe de Programa: Dr. Daniel Moreno MISI\u00d3N: Procurar la atenci\u00f3n integral, respetando los principios \u00e9ticos de la Beneficencia, la Autonom\u00eda,<\/p>\n","protected":false},"author":2,"featured_media":0,"parent":0,"menu_order":0,"comment_status":"closed","ping_status":"closed","template":"","meta":{"footnotes":""},"class_list":["post-180","page","type-page","status-publish","hentry"],"yoast_head":"<!-- This site is optimized with the Yoast SEO plugin v18.0 - https:\/\/yoast.com\/wordpress\/plugins\/seo\/ -->\n<title>Nefrolog\u00eda y Hemodi\u00e1lisis - Hospital Dr. Arturo O\u00f1ativia<\/title>\n<meta name=\"robots\" content=\"index, follow, max-snippet:-1, max-image-preview:large, max-video-preview:-1\" \/>\n<link rel=\"canonical\" href=\"https:\/\/www.hospitalonativia.gob.ar\/?page_id=180\" \/>\n<meta property=\"og:locale\" content=\"es_ES\" \/>\n<meta property=\"og:type\" content=\"article\" \/>\n<meta property=\"og:title\" content=\"Nefrolog\u00eda y Hemodi\u00e1lisis - Hospital Dr. Arturo O\u00f1ativia\" \/>\n<meta property=\"og:description\" content=\"Jefe de Programa: Dr. Daniel Moreno MISI\u00d3N: Procurar la atenci\u00f3n integral, respetando los principios \u00e9ticos de la Beneficencia, la Autonom\u00eda,\" \/>\n<meta property=\"og:url\" content=\"https:\/\/www.hospitalonativia.gob.ar\/?page_id=180\" \/>\n<meta property=\"og:site_name\" content=\"Hospital Dr. Arturo O\u00f1ativia\" \/>\n<meta property=\"article:modified_time\" content=\"2023-12-27T15:56:57+00:00\" \/>\n<meta name=\"twitter:card\" content=\"summary_large_image\" \/>\n<meta name=\"twitter:label1\" content=\"Tiempo de lectura\" \/>\n\t<meta name=\"twitter:data1\" content=\"4 minutos\" \/>\n<script type=\"application\/ld+json\" class=\"yoast-schema-graph\">{\"@context\":\"https:\/\/schema.org\",\"@graph\":[{\"@type\":\"WebSite\",\"@id\":\"https:\/\/www.hospitalonativia.gob.ar\/#website\",\"url\":\"https:\/\/www.hospitalonativia.gob.ar\/\",\"name\":\"Hospital Dr. Arturo O\u00f1ativia\",\"description\":\"Salta Capital\",\"potentialAction\":[{\"@type\":\"SearchAction\",\"target\":{\"@type\":\"EntryPoint\",\"urlTemplate\":\"https:\/\/www.hospitalonativia.gob.ar\/?s={search_term_string}\"},\"query-input\":\"required name=search_term_string\"}],\"inLanguage\":\"es\"},{\"@type\":\"WebPage\",\"@id\":\"https:\/\/www.hospitalonativia.gob.ar\/?page_id=180#webpage\",\"url\":\"https:\/\/www.hospitalonativia.gob.ar\/?page_id=180\",\"name\":\"Nefrolog\u00eda y Hemodi\u00e1lisis - Hospital Dr. Arturo O\u00f1ativia\",\"isPartOf\":{\"@id\":\"https:\/\/www.hospitalonativia.gob.ar\/#website\"},\"datePublished\":\"2016-11-01T12:51:31+00:00\",\"dateModified\":\"2023-12-27T15:56:57+00:00\",\"breadcrumb\":{\"@id\":\"https:\/\/www.hospitalonativia.gob.ar\/?page_id=180#breadcrumb\"},\"inLanguage\":\"es\",\"potentialAction\":[{\"@type\":\"ReadAction\",\"target\":[\"https:\/\/www.hospitalonativia.gob.ar\/?page_id=180\"]}]},{\"@type\":\"BreadcrumbList\",\"@id\":\"https:\/\/www.hospitalonativia.gob.ar\/?page_id=180#breadcrumb\",\"itemListElement\":[{\"@type\":\"ListItem\",\"position\":1,\"name\":\"Portada\",\"item\":\"https:\/\/www.hospitalonativia.gob.ar\/\"},{\"@type\":\"ListItem\",\"position\":2,\"name\":\"Nefrolog\u00eda y Hemodi\u00e1lisis\"}]}]}<\/script>\n<!-- \/ Yoast SEO plugin. -->","yoast_head_json":{"title":"Nefrolog\u00eda y Hemodi\u00e1lisis - Hospital Dr. Arturo O\u00f1ativia","robots":{"index":"index","follow":"follow","max-snippet":"max-snippet:-1","max-image-preview":"max-image-preview:large","max-video-preview":"max-video-preview:-1"},"canonical":"https:\/\/www.hospitalonativia.gob.ar\/?page_id=180","og_locale":"es_ES","og_type":"article","og_title":"Nefrolog\u00eda y Hemodi\u00e1lisis - Hospital Dr. Arturo O\u00f1ativia","og_description":"Jefe de Programa: Dr. Daniel Moreno MISI\u00d3N: Procurar la atenci\u00f3n integral, respetando los principios \u00e9ticos de la Beneficencia, la Autonom\u00eda,","og_url":"https:\/\/www.hospitalonativia.gob.ar\/?page_id=180","og_site_name":"Hospital Dr. Arturo O\u00f1ativia","article_modified_time":"2023-12-27T15:56:57+00:00","twitter_card":"summary_large_image","twitter_misc":{"Tiempo de lectura":"4 minutos"},"schema":{"@context":"https:\/\/schema.org","@graph":[{"@type":"WebSite","@id":"https:\/\/www.hospitalonativia.gob.ar\/#website","url":"https:\/\/www.hospitalonativia.gob.ar\/","name":"Hospital Dr. Arturo O\u00f1ativia","description":"Salta Capital","potentialAction":[{"@type":"SearchAction","target":{"@type":"EntryPoint","urlTemplate":"https:\/\/www.hospitalonativia.gob.ar\/?s={search_term_string}"},"query-input":"required name=search_term_string"}],"inLanguage":"es"},{"@type":"WebPage","@id":"https:\/\/www.hospitalonativia.gob.ar\/?page_id=180#webpage","url":"https:\/\/www.hospitalonativia.gob.ar\/?page_id=180","name":"Nefrolog\u00eda y Hemodi\u00e1lisis - Hospital Dr. Arturo O\u00f1ativia","isPartOf":{"@id":"https:\/\/www.hospitalonativia.gob.ar\/#website"},"datePublished":"2016-11-01T12:51:31+00:00","dateModified":"2023-12-27T15:56:57+00:00","breadcrumb":{"@id":"https:\/\/www.hospitalonativia.gob.ar\/?page_id=180#breadcrumb"},"inLanguage":"es","potentialAction":[{"@type":"ReadAction","target":["https:\/\/www.hospitalonativia.gob.ar\/?page_id=180"]}]},{"@type":"BreadcrumbList","@id":"https:\/\/www.hospitalonativia.gob.ar\/?page_id=180#breadcrumb","itemListElement":[{"@type":"ListItem","position":1,"name":"Portada","item":"https:\/\/www.hospitalonativia.gob.ar\/"},{"@type":"ListItem","position":2,"name":"Nefrolog\u00eda y Hemodi\u00e1lisis"}]}]}},"_links":{"self":[{"href":"https:\/\/www.hospitalonativia.gob.ar\/index.php?rest_route=\/wp\/v2\/pages\/180"}],"collection":[{"href":"https:\/\/www.hospitalonativia.gob.ar\/index.php?rest_route=\/wp\/v2\/pages"}],"about":[{"href":"https:\/\/www.hospitalonativia.gob.ar\/index.php?rest_route=\/wp\/v2\/types\/page"}],"author":[{"embeddable":true,"href":"https:\/\/www.hospitalonativia.gob.ar\/index.php?rest_route=\/wp\/v2\/users\/2"}],"replies":[{"embeddable":true,"href":"https:\/\/www.hospitalonativia.gob.ar\/index.php?rest_route=%2Fwp%2Fv2%2Fcomments&post=180"}],"version-history":[{"count":13,"href":"https:\/\/www.hospitalonativia.gob.ar\/index.php?rest_route=\/wp\/v2\/pages\/180\/revisions"}],"predecessor-version":[{"id":1877,"href":"https:\/\/www.hospitalonativia.gob.ar\/index.php?rest_route=\/wp\/v2\/pages\/180\/revisions\/1877"}],"wp:attachment":[{"href":"https:\/\/www.hospitalonativia.gob.ar\/index.php?rest_route=%2Fwp%2Fv2%2Fmedia&parent=180"}],"curies":[{"name":"wp","href":"https:\/\/api.w.org\/{rel}","templated":true}]}}