{"id":226,"date":"2016-11-04T09:26:58","date_gmt":"2016-11-04T12:26:58","guid":{"rendered":"http:\/\/192.168.1.190\/hospitalonativia\/?page_id=226"},"modified":"2021-02-01T14:02:50","modified_gmt":"2021-02-01T17:02:50","slug":"fonoaudiologia","status":"publish","type":"page","link":"https:\/\/www.hospitalonativia.gob.ar\/?page_id=226","title":{"rendered":"Fonoaudiolog\u00eda"},"content":{"rendered":"<p>Consultorio a cargo de Lic. Mar\u00eda Jose Ruiz<\/p>\n<p>Misi\u00f3n<\/p>\n<ul>\n<li>Brindar atenci\u00f3n a pacientes con posible patolog\u00eda vocal, disfagia, disnea y trastornos del lenguaje derivados por endocrinolog\u00eda, cirug\u00eda y otras especialidades de este hospital.<\/li>\n<\/ul>\n<p>Cartera de servicios:<\/p>\n<ul>\n<li>Atenci\u00f3n de pacientes en UTI, en consultorio externo y hospitalizados.<\/li>\n<li>Pacientes j\u00f3venes y adultos con patolog\u00eda vocal.<\/li>\n<li>Pacientes derivados para examen pre y post tiroidectom\u00edas.<\/li>\n<li>Pacientes con enfermedad endocrinol\u00f3gica, metab\u00f3lica y renal que presenten alteraciones en la voz, dificultad en la degluci\u00f3n.<\/li>\n<li>Pacientes hospitalizados derivados por trastornos del lenguaje.<\/li>\n<\/ul>\n<p>Horarios de atenci\u00f3n:<\/p>\n<ul>\n<li>De lunes a viernes de 8:00 a 12:00 hs.<\/li>\n<li>Martes y jueves de 13:00 a 16:00 hs.<\/li>\n<\/ul>\n<p>Pr\u00e1cticas que se efect\u00faan:<\/p>\n<ul>\n<li>Examen de la voz pre y post cirug\u00eda de tiroides.<\/li>\n<li>Reeducaci\u00f3n foni\u00e1trica en pacientes disf\u00f3nicos.<\/li>\n<li>Reeducaci\u00f3n deglutoria.<\/li>\n<li>Reeducaci\u00f3n respiratoria.<\/li>\n<li>Rehabilitaci\u00f3n de trastornos del lenguaje.<\/li>\n<\/ul>\n<p>Se excluyen pacientes menores de 16 a\u00f1os.<\/p>\n<p>Actividades extramuros:<\/p>\n<ul>\n<li>En conjunto con la Sociedad Argentina de Locutores Delegaci\u00f3n Salta, se dictan \u201ccursos-talleres\u201d de capacitaci\u00f3n, en capital y el interior de la provincia sobre el cuidado de la voz profesional.<\/li>\n<\/ul>\n<p>Recursos humanos:<\/p>\n<ul>\n<li>Stella Maris Alonso.<\/li>\n<li>Mar\u00eda Jos\u00e9 Ruiz.<\/li>\n<\/ul>\n","protected":false},"excerpt":{"rendered":"<p>Consultorio a cargo de Lic. Mar\u00eda Jose Ruiz Misi\u00f3n Brindar atenci\u00f3n a pacientes con posible patolog\u00eda vocal, disfagia, disnea y<\/p>\n","protected":false},"author":2,"featured_media":0,"parent":0,"menu_order":0,"comment_status":"closed","ping_status":"closed","template":"","meta":{"footnotes":""},"class_list":["post-226","page","type-page","status-publish","hentry"],"yoast_head":"<!-- This site is optimized with the Yoast SEO plugin v18.0 - https:\/\/yoast.com\/wordpress\/plugins\/seo\/ -->\n<title>Fonoaudiolog\u00eda - Hospital Dr. Arturo O\u00f1ativia<\/title>\n<meta name=\"robots\" content=\"index, follow, max-snippet:-1, max-image-preview:large, max-video-preview:-1\" \/>\n<link rel=\"canonical\" href=\"https:\/\/www.hospitalonativia.gob.ar\/?page_id=226\" \/>\n<meta property=\"og:locale\" content=\"es_ES\" \/>\n<meta property=\"og:type\" content=\"article\" \/>\n<meta property=\"og:title\" content=\"Fonoaudiolog\u00eda - Hospital Dr. Arturo O\u00f1ativia\" \/>\n<meta property=\"og:description\" content=\"Consultorio a cargo de Lic. Mar\u00eda Jose Ruiz Misi\u00f3n Brindar atenci\u00f3n a pacientes con posible patolog\u00eda vocal, disfagia, disnea y\" \/>\n<meta property=\"og:url\" content=\"https:\/\/www.hospitalonativia.gob.ar\/?page_id=226\" \/>\n<meta property=\"og:site_name\" content=\"Hospital Dr. Arturo O\u00f1ativia\" \/>\n<meta property=\"article:modified_time\" content=\"2021-02-01T17:02:50+00:00\" \/>\n<meta name=\"twitter:card\" content=\"summary_large_image\" \/>\n<meta name=\"twitter:label1\" content=\"Tiempo de lectura\" \/>\n\t<meta name=\"twitter:data1\" content=\"1 minuto\" \/>\n<script type=\"application\/ld+json\" class=\"yoast-schema-graph\">{\"@context\":\"https:\/\/schema.org\",\"@graph\":[{\"@type\":\"WebSite\",\"@id\":\"https:\/\/www.hospitalonativia.gob.ar\/#website\",\"url\":\"https:\/\/www.hospitalonativia.gob.ar\/\",\"name\":\"Hospital Dr. Arturo O\u00f1ativia\",\"description\":\"Salta Capital\",\"potentialAction\":[{\"@type\":\"SearchAction\",\"target\":{\"@type\":\"EntryPoint\",\"urlTemplate\":\"https:\/\/www.hospitalonativia.gob.ar\/?s={search_term_string}\"},\"query-input\":\"required name=search_term_string\"}],\"inLanguage\":\"es\"},{\"@type\":\"WebPage\",\"@id\":\"https:\/\/www.hospitalonativia.gob.ar\/?page_id=226#webpage\",\"url\":\"https:\/\/www.hospitalonativia.gob.ar\/?page_id=226\",\"name\":\"Fonoaudiolog\u00eda - Hospital Dr. Arturo O\u00f1ativia\",\"isPartOf\":{\"@id\":\"https:\/\/www.hospitalonativia.gob.ar\/#website\"},\"datePublished\":\"2016-11-04T12:26:58+00:00\",\"dateModified\":\"2021-02-01T17:02:50+00:00\",\"breadcrumb\":{\"@id\":\"https:\/\/www.hospitalonativia.gob.ar\/?page_id=226#breadcrumb\"},\"inLanguage\":\"es\",\"potentialAction\":[{\"@type\":\"ReadAction\",\"target\":[\"https:\/\/www.hospitalonativia.gob.ar\/?page_id=226\"]}]},{\"@type\":\"BreadcrumbList\",\"@id\":\"https:\/\/www.hospitalonativia.gob.ar\/?page_id=226#breadcrumb\",\"itemListElement\":[{\"@type\":\"ListItem\",\"position\":1,\"name\":\"Portada\",\"item\":\"https:\/\/www.hospitalonativia.gob.ar\/\"},{\"@type\":\"ListItem\",\"position\":2,\"name\":\"Fonoaudiolog\u00eda\"}]}]}<\/script>\n<!-- \/ Yoast SEO plugin. -->","yoast_head_json":{"title":"Fonoaudiolog\u00eda - Hospital Dr. Arturo O\u00f1ativia","robots":{"index":"index","follow":"follow","max-snippet":"max-snippet:-1","max-image-preview":"max-image-preview:large","max-video-preview":"max-video-preview:-1"},"canonical":"https:\/\/www.hospitalonativia.gob.ar\/?page_id=226","og_locale":"es_ES","og_type":"article","og_title":"Fonoaudiolog\u00eda - Hospital Dr. Arturo O\u00f1ativia","og_description":"Consultorio a cargo de Lic. Mar\u00eda Jose Ruiz Misi\u00f3n Brindar atenci\u00f3n a pacientes con posible patolog\u00eda vocal, disfagia, disnea y","og_url":"https:\/\/www.hospitalonativia.gob.ar\/?page_id=226","og_site_name":"Hospital Dr. Arturo O\u00f1ativia","article_modified_time":"2021-02-01T17:02:50+00:00","twitter_card":"summary_large_image","twitter_misc":{"Tiempo de lectura":"1 minuto"},"schema":{"@context":"https:\/\/schema.org","@graph":[{"@type":"WebSite","@id":"https:\/\/www.hospitalonativia.gob.ar\/#website","url":"https:\/\/www.hospitalonativia.gob.ar\/","name":"Hospital Dr. Arturo O\u00f1ativia","description":"Salta Capital","potentialAction":[{"@type":"SearchAction","target":{"@type":"EntryPoint","urlTemplate":"https:\/\/www.hospitalonativia.gob.ar\/?s={search_term_string}"},"query-input":"required name=search_term_string"}],"inLanguage":"es"},{"@type":"WebPage","@id":"https:\/\/www.hospitalonativia.gob.ar\/?page_id=226#webpage","url":"https:\/\/www.hospitalonativia.gob.ar\/?page_id=226","name":"Fonoaudiolog\u00eda - Hospital Dr. Arturo O\u00f1ativia","isPartOf":{"@id":"https:\/\/www.hospitalonativia.gob.ar\/#website"},"datePublished":"2016-11-04T12:26:58+00:00","dateModified":"2021-02-01T17:02:50+00:00","breadcrumb":{"@id":"https:\/\/www.hospitalonativia.gob.ar\/?page_id=226#breadcrumb"},"inLanguage":"es","potentialAction":[{"@type":"ReadAction","target":["https:\/\/www.hospitalonativia.gob.ar\/?page_id=226"]}]},{"@type":"BreadcrumbList","@id":"https:\/\/www.hospitalonativia.gob.ar\/?page_id=226#breadcrumb","itemListElement":[{"@type":"ListItem","position":1,"name":"Portada","item":"https:\/\/www.hospitalonativia.gob.ar\/"},{"@type":"ListItem","position":2,"name":"Fonoaudiolog\u00eda"}]}]}},"_links":{"self":[{"href":"https:\/\/www.hospitalonativia.gob.ar\/index.php?rest_route=\/wp\/v2\/pages\/226"}],"collection":[{"href":"https:\/\/www.hospitalonativia.gob.ar\/index.php?rest_route=\/wp\/v2\/pages"}],"about":[{"href":"https:\/\/www.hospitalonativia.gob.ar\/index.php?rest_route=\/wp\/v2\/types\/page"}],"author":[{"embeddable":true,"href":"https:\/\/www.hospitalonativia.gob.ar\/index.php?rest_route=\/wp\/v2\/users\/2"}],"replies":[{"embeddable":true,"href":"https:\/\/www.hospitalonativia.gob.ar\/index.php?rest_route=%2Fwp%2Fv2%2Fcomments&post=226"}],"version-history":[{"count":3,"href":"https:\/\/www.hospitalonativia.gob.ar\/index.php?rest_route=\/wp\/v2\/pages\/226\/revisions"}],"predecessor-version":[{"id":1783,"href":"https:\/\/www.hospitalonativia.gob.ar\/index.php?rest_route=\/wp\/v2\/pages\/226\/revisions\/1783"}],"wp:attachment":[{"href":"https:\/\/www.hospitalonativia.gob.ar\/index.php?rest_route=%2Fwp%2Fv2%2Fmedia&parent=226"}],"curies":[{"name":"wp","href":"https:\/\/api.w.org\/{rel}","templated":true}]}}