{"id":433,"date":"2017-04-19T10:24:44","date_gmt":"2017-04-19T13:24:44","guid":{"rendered":"http:\/\/www.hospitalonativia.gob.ar\/?page_id=433"},"modified":"2019-07-30T15:38:49","modified_gmt":"2019-07-30T18:38:49","slug":"farmacia","status":"publish","type":"page","link":"https:\/\/www.hospitalonativia.gob.ar\/?page_id=433","title":{"rendered":"Farmacia y Esterilizaci\u00f3n"},"content":{"rendered":"<h4>Jefa de Sector: Farm. Irup\u00e9 Kolling<\/h4>\n<h3 style=\"text-align: center;\"><strong><u>FARMACIA<\/u><\/strong><\/h3>\n<ul>\n<li><strong>MISI\u00d3N<\/strong><\/li>\n<\/ul>\n<p>Otorgar soporte oportuno y de alta calidad (efectividad y seguridad) al proceso asistencial de nuestros pacientes, en lo respectivo al tratamiento farmacoterap\u00e9utico, a\u00f1adiendo valor mediante el trato cordial\u00a0y la atenci\u00f3n farmac\u00e9utica.<\/p>\n<ul>\n<li><strong>VISI\u00d3N<\/strong><\/li>\n<\/ul>\n<p>Estamos encaminados para ser una Farmacia excelente e innovadora de la que se sientan orgullosos tanto nuestros pacientes, como nuestros profesionales.<\/p>\n<ul>\n<li><strong>VALORES<\/strong><\/li>\n<\/ul>\n<ul style=\"list-style-type: circle;\">\n<li>Respeto<\/li>\n<li>Compromiso<\/li>\n<li>Vocaci\u00f3n de Servicio<\/li>\n<li>Cooperaci\u00f3n<\/li>\n<\/ul>\n<p><strong>CARTERA DE SERVICIOS<\/strong><\/p>\n<p>Entrega de:<\/p>\n<ol>\n<li>Medicamentos<\/li>\n<li>Productos m\u00e9dicos<\/li>\n<\/ol>\n<p><strong>DESTINATARIOS<\/strong><\/p>\n<ol>\n<li>Todos los servicios de hospital;<\/li>\n<li>Pacientes internados sin y con obra social;<\/li>\n<li>Pacientes ambulatorios cr\u00f3nicos o agudos sin obra social.<\/li>\n<\/ol>\n<p><strong><u>\u00a0<\/u><\/strong><\/p>\n<h3 style=\"text-align: center;\"><strong><u>ESTERILIZACI\u00d3N<\/u><\/strong><\/h3>\n<ul>\n<li><strong>MISI\u00d3N<\/strong><\/li>\n<\/ul>\n<p>Garantizar la esterilidad de todos los productos m\u00e9dicos que egresan a la Central de Esterilizaci\u00f3n para ser posteriormente usados en los distintos servicios de nuestro Hospital.<\/p>\n<ul>\n<li><strong>VISI\u00d3N<\/strong><\/li>\n<\/ul>\n<p>Constituir un servicio certificado con Normas ISO 9001:20015.<\/p>\n<ul>\n<li><strong>\u00a0VALORES<\/strong><\/li>\n<\/ul>\n<ul style=\"list-style-type: circle;\">\n<li>Respeto<\/li>\n<li>Compromiso<\/li>\n<li>Vocaci\u00f3n de Servicio<\/li>\n<li>Cooperaci\u00f3n<\/li>\n<\/ul>\n<ul>\n<li><strong>ESTERILIZACI\u00d3N DE LOS SIGUIENTES PRODUCTOS M\u00c9DICOS<\/strong><\/li>\n<\/ul>\n<ol>\n<li>Instrumental quir\u00fargico;<\/li>\n<li>Material textil elaborado en el Hospital y por el personal de la CE (gasas, ap\u00f3sitos comunes, ap\u00f3sitos plancha, vendas, compresas de gasa, etc.);<\/li>\n<li>Lencer\u00eda del Hospital (ropa de cama, equipos de ropa compresas de tela, ropa individual, etc.);<\/li>\n<li>Dispositivos m\u00e9dicos.<\/li>\n<\/ol>\n<ul>\n<li><strong>DESTINATARIOS<\/strong><\/li>\n<\/ul>\n<ol>\n<li>Todos los servicios de hospital;<\/li>\n<li>Hospitales p\u00fablicos aleda\u00f1os seg\u00fan necesidad y previa consulta de disponibilidad;<\/li>\n<li>Cl\u00ednicas e instituciones privadas (servicio arancelado y previa consulta de disponibilidad).<\/li>\n<\/ol>\n<ul>\n<li><strong>EXCLUSIONES<\/strong><\/li>\n<\/ul>\n<ol>\n<li>Esterilizaci\u00f3n de material no perteneciente al Hospital, que no fuera a utilizarse dentro de la instituci\u00f3n, con pacientes de la Instituci\u00f3n.<\/li>\n<\/ol>\n","protected":false},"excerpt":{"rendered":"<p>Jefa de Sector: Farm. Irup\u00e9 Kolling FARMACIA MISI\u00d3N Otorgar soporte oportuno y de alta calidad (efectividad y seguridad) al proceso<\/p>\n","protected":false},"author":2,"featured_media":0,"parent":0,"menu_order":0,"comment_status":"closed","ping_status":"closed","template":"","meta":{"footnotes":""},"class_list":["post-433","page","type-page","status-publish","hentry"],"yoast_head":"<!-- This site is optimized with the Yoast SEO plugin v18.0 - https:\/\/yoast.com\/wordpress\/plugins\/seo\/ -->\n<title>Farmacia y Esterilizaci\u00f3n - Hospital Dr. Arturo O\u00f1ativia<\/title>\n<meta name=\"robots\" content=\"index, follow, max-snippet:-1, max-image-preview:large, max-video-preview:-1\" \/>\n<link rel=\"canonical\" href=\"https:\/\/www.hospitalonativia.gob.ar\/?page_id=433\" \/>\n<meta property=\"og:locale\" content=\"es_ES\" \/>\n<meta property=\"og:type\" content=\"article\" \/>\n<meta property=\"og:title\" content=\"Farmacia y Esterilizaci\u00f3n - Hospital Dr. Arturo O\u00f1ativia\" \/>\n<meta property=\"og:description\" content=\"Jefa de Sector: Farm. Irup\u00e9 Kolling FARMACIA MISI\u00d3N Otorgar soporte oportuno y de alta calidad (efectividad y seguridad) al proceso\" \/>\n<meta property=\"og:url\" content=\"https:\/\/www.hospitalonativia.gob.ar\/?page_id=433\" \/>\n<meta property=\"og:site_name\" content=\"Hospital Dr. Arturo O\u00f1ativia\" \/>\n<meta property=\"article:modified_time\" content=\"2019-07-30T18:38:49+00:00\" \/>\n<meta name=\"twitter:card\" content=\"summary_large_image\" \/>\n<meta name=\"twitter:label1\" content=\"Tiempo de lectura\" \/>\n\t<meta name=\"twitter:data1\" content=\"1 minuto\" \/>\n<script type=\"application\/ld+json\" class=\"yoast-schema-graph\">{\"@context\":\"https:\/\/schema.org\",\"@graph\":[{\"@type\":\"WebSite\",\"@id\":\"https:\/\/www.hospitalonativia.gob.ar\/#website\",\"url\":\"https:\/\/www.hospitalonativia.gob.ar\/\",\"name\":\"Hospital Dr. Arturo O\u00f1ativia\",\"description\":\"Salta Capital\",\"potentialAction\":[{\"@type\":\"SearchAction\",\"target\":{\"@type\":\"EntryPoint\",\"urlTemplate\":\"https:\/\/www.hospitalonativia.gob.ar\/?s={search_term_string}\"},\"query-input\":\"required name=search_term_string\"}],\"inLanguage\":\"es\"},{\"@type\":\"WebPage\",\"@id\":\"https:\/\/www.hospitalonativia.gob.ar\/?page_id=433#webpage\",\"url\":\"https:\/\/www.hospitalonativia.gob.ar\/?page_id=433\",\"name\":\"Farmacia y Esterilizaci\u00f3n - Hospital Dr. Arturo O\u00f1ativia\",\"isPartOf\":{\"@id\":\"https:\/\/www.hospitalonativia.gob.ar\/#website\"},\"datePublished\":\"2017-04-19T13:24:44+00:00\",\"dateModified\":\"2019-07-30T18:38:49+00:00\",\"breadcrumb\":{\"@id\":\"https:\/\/www.hospitalonativia.gob.ar\/?page_id=433#breadcrumb\"},\"inLanguage\":\"es\",\"potentialAction\":[{\"@type\":\"ReadAction\",\"target\":[\"https:\/\/www.hospitalonativia.gob.ar\/?page_id=433\"]}]},{\"@type\":\"BreadcrumbList\",\"@id\":\"https:\/\/www.hospitalonativia.gob.ar\/?page_id=433#breadcrumb\",\"itemListElement\":[{\"@type\":\"ListItem\",\"position\":1,\"name\":\"Portada\",\"item\":\"https:\/\/www.hospitalonativia.gob.ar\/\"},{\"@type\":\"ListItem\",\"position\":2,\"name\":\"Farmacia y Esterilizaci\u00f3n\"}]}]}<\/script>\n<!-- \/ Yoast SEO plugin. -->","yoast_head_json":{"title":"Farmacia y Esterilizaci\u00f3n - Hospital Dr. Arturo O\u00f1ativia","robots":{"index":"index","follow":"follow","max-snippet":"max-snippet:-1","max-image-preview":"max-image-preview:large","max-video-preview":"max-video-preview:-1"},"canonical":"https:\/\/www.hospitalonativia.gob.ar\/?page_id=433","og_locale":"es_ES","og_type":"article","og_title":"Farmacia y Esterilizaci\u00f3n - Hospital Dr. Arturo O\u00f1ativia","og_description":"Jefa de Sector: Farm. Irup\u00e9 Kolling FARMACIA MISI\u00d3N Otorgar soporte oportuno y de alta calidad (efectividad y seguridad) al proceso","og_url":"https:\/\/www.hospitalonativia.gob.ar\/?page_id=433","og_site_name":"Hospital Dr. Arturo O\u00f1ativia","article_modified_time":"2019-07-30T18:38:49+00:00","twitter_card":"summary_large_image","twitter_misc":{"Tiempo de lectura":"1 minuto"},"schema":{"@context":"https:\/\/schema.org","@graph":[{"@type":"WebSite","@id":"https:\/\/www.hospitalonativia.gob.ar\/#website","url":"https:\/\/www.hospitalonativia.gob.ar\/","name":"Hospital Dr. Arturo O\u00f1ativia","description":"Salta Capital","potentialAction":[{"@type":"SearchAction","target":{"@type":"EntryPoint","urlTemplate":"https:\/\/www.hospitalonativia.gob.ar\/?s={search_term_string}"},"query-input":"required name=search_term_string"}],"inLanguage":"es"},{"@type":"WebPage","@id":"https:\/\/www.hospitalonativia.gob.ar\/?page_id=433#webpage","url":"https:\/\/www.hospitalonativia.gob.ar\/?page_id=433","name":"Farmacia y Esterilizaci\u00f3n - Hospital Dr. Arturo O\u00f1ativia","isPartOf":{"@id":"https:\/\/www.hospitalonativia.gob.ar\/#website"},"datePublished":"2017-04-19T13:24:44+00:00","dateModified":"2019-07-30T18:38:49+00:00","breadcrumb":{"@id":"https:\/\/www.hospitalonativia.gob.ar\/?page_id=433#breadcrumb"},"inLanguage":"es","potentialAction":[{"@type":"ReadAction","target":["https:\/\/www.hospitalonativia.gob.ar\/?page_id=433"]}]},{"@type":"BreadcrumbList","@id":"https:\/\/www.hospitalonativia.gob.ar\/?page_id=433#breadcrumb","itemListElement":[{"@type":"ListItem","position":1,"name":"Portada","item":"https:\/\/www.hospitalonativia.gob.ar\/"},{"@type":"ListItem","position":2,"name":"Farmacia y Esterilizaci\u00f3n"}]}]}},"_links":{"self":[{"href":"https:\/\/www.hospitalonativia.gob.ar\/index.php?rest_route=\/wp\/v2\/pages\/433"}],"collection":[{"href":"https:\/\/www.hospitalonativia.gob.ar\/index.php?rest_route=\/wp\/v2\/pages"}],"about":[{"href":"https:\/\/www.hospitalonativia.gob.ar\/index.php?rest_route=\/wp\/v2\/types\/page"}],"author":[{"embeddable":true,"href":"https:\/\/www.hospitalonativia.gob.ar\/index.php?rest_route=\/wp\/v2\/users\/2"}],"replies":[{"embeddable":true,"href":"https:\/\/www.hospitalonativia.gob.ar\/index.php?rest_route=%2Fwp%2Fv2%2Fcomments&post=433"}],"version-history":[{"count":4,"href":"https:\/\/www.hospitalonativia.gob.ar\/index.php?rest_route=\/wp\/v2\/pages\/433\/revisions"}],"predecessor-version":[{"id":1673,"href":"https:\/\/www.hospitalonativia.gob.ar\/index.php?rest_route=\/wp\/v2\/pages\/433\/revisions\/1673"}],"wp:attachment":[{"href":"https:\/\/www.hospitalonativia.gob.ar\/index.php?rest_route=%2Fwp%2Fv2%2Fmedia&parent=433"}],"curies":[{"name":"wp","href":"https:\/\/api.w.org\/{rel}","templated":true}]}}