{"id":84,"date":"2016-06-27T13:44:31","date_gmt":"2016-06-27T16:44:31","guid":{"rendered":"http:\/\/192.168.1.190\/hospitalonativia\/?page_id=84"},"modified":"2019-12-10T15:21:15","modified_gmt":"2019-12-10T18:21:15","slug":"capacitacion-y-docencia","status":"publish","type":"page","link":"https:\/\/www.hospitalonativia.gob.ar\/?page_id=84","title":{"rendered":"Capacitaci\u00f3n y Docencia"},"content":{"rendered":"<h6><\/h6>\n<h6><strong>Programas de Formaci\u00f3n y Capacitaci\u00f3n<\/strong><\/h6>\n<h6><strong>Modalidad y Duraci\u00f3n:<\/strong><\/h6>\n<h6><strong>Residencias: 3 a\u00f1os<\/strong><\/h6>\n<h6>Concurrencias: 1 a 3 a\u00f1os<br \/>\nPasant\u00edas: 6 meses a 1 a\u00f1o<br \/>\nRotaciones: 1 a 4 meses<br \/>\nVisitas: 1 a 2 meses<\/h6>\n<h6>*\u00a0<em>La capacitaci\u00f3n en todos los casos es de Post-grado. Se requiere contar con un\u00a0 T\u00edtulo de nivel universitario o terciario de carreras de Ciencias de la Salud.<\/em><\/h6>\n<h6><em>** La \u00fanica modalidad Rentada es la de las \u00a0Residencias a las que se accede por Concurso P\u00fablico, convocado por el Programa de Residencias del Ministerio de Salud P\u00fablica, entre los meses de febrero \u00a0y abril de cada a\u00f1o.Los restantes tipos de capacitaci\u00f3n son NO rentados.<\/em><\/h6>\n<h6><strong>Programas aprobados de Formaci\u00f3n y Capacitaci\u00f3n:<\/strong><\/h6>\n<h6><strong><em><u>RESIDENCIAS:<\/u><\/em><\/strong><\/h6>\n<ul>\n<li>\n<h6><strong>Residencia en Endocrinolog\u00eda y Nutrici\u00f3n<\/strong><\/h6>\n<\/li>\n<li>\n<h6><strong>Residencia en Nutrici\u00f3n Cl\u00ednica<\/strong><\/h6>\n<\/li>\n<li>\n<h6><strong>Residencia en Nefrolog\u00eda<\/strong><\/h6>\n<\/li>\n<\/ul>\n<h6><strong><em><u>CONCURRENCIAS, PASANT\u00cdAS Y VISITAS EN:<\/u><\/em><\/strong><\/h6>\n<table border=\"0\" width=\"590\" cellspacing=\"1\" cellpadding=\"0\" align=\"center\">\n<tbody>\n<tr>\n<td>\n<ul>\n<li>Nefrolog\u00eda y Hemodi\u00e1lisis (4 a\u00f1os)<\/li>\n<li>Urolog\u00eda (5 a\u00f1os)<\/li>\n<li>Enfermer\u00eda Endocrinol\u00f3gica (9 meses)<\/li>\n<li>Enfermer\u00eda en Hemodi\u00e1lisis (1 a\u00f1o)<\/li>\n<li>Nutrici\u00f3n (1 a\u00f1o)<\/li>\n<li>Kinesiolog\u00eda y Fisioterapia (1 a\u00f1o)<\/li>\n<\/ul>\n<\/td>\n<td><\/td>\n<td><\/td>\n<\/tr>\n<\/tbody>\n<\/table>\n<h6><\/h6>\n<h6><strong><em><u>REQUISITOS E INSCRIPCI\u00d3N<\/u><\/em><\/strong><\/h6>\n<h6><strong><u>Ingreso a Residencias 2020<\/u><\/strong><\/h6>\n<h6><strong>Residencia en Endocrinolog\u00eda y Nutrici\u00f3n:\u00a0<\/strong><\/h6>\n<p>1- Tener un m\u00ednimo de 1 a\u00f1o de Residencia en:<\/p>\n<p>a) Cl\u00ednica M\u00e9dica.<\/p>\n<p>b) Medicina Familiar.<\/p>\n<p>c) Medicina General.<\/p>\n<p>2- Tener un m\u00ednimo de 2 a\u00f1os de Concurrencia en Cl\u00ednica M\u00e9dica\u00a0 realizada en el Hospital Dr. Arturo O\u00f1ativia.<\/p>\n<h6><strong>Residencia en Nutrici\u00f3n Cl\u00ednica:\u00a0<\/strong><\/h6>\n<p>1- Tener un m\u00ednimo de 1 a\u00f1o de Residencia en:<\/p>\n<p>a) Cl\u00ednica M\u00e9dica.<\/p>\n<p>b) Medicina Familiar.<\/p>\n<p>c) Medicina General.<\/p>\n<p>d) Terapia Intensiva de adulto.<\/p>\n<p>2- Tener un m\u00ednimo de 2 a\u00f1os de Concurrencia en Cl\u00ednica M\u00e9dica\u00a0 realizada en el Hospital Dr. Arturo O\u00f1ativia.<\/p>\n<h6><strong>Residencia en Nefrolog\u00eda:<\/strong><\/h6>\n<p>1- Tener un m\u00ednimo de 1 a\u00f1o de Residencia en:<\/p>\n<p>a) Cl\u00ednica M\u00e9dica.<\/p>\n<p>b) Medicina Familiar.<\/p>\n<p>c) Medicina General.<\/p>\n<p>d) Terapia Intensiva de adulto.<\/p>\n<h6>Las Residencias M\u00e9dicas <u>se inscriben en el mes de febrero por sistema SISA<\/u>,( <a href=\"https:\/\/sisa.msal.gov.ar\/sisa\/\"><strong>https:\/\/sisa.msal.gov.ar\/sisa<\/strong>\/ <\/a>) para iniciar actividades en junio, posteriormente deben presentarse en los hospitales bases de cada residencia para retirar y cumplimentar el resto de los requisitos.<\/h6>\n<h6><strong><u>Concurrencias:<\/u><\/strong><u><\/u><\/h6>\n<ul>\n<li>\n<h6>Fotocopia autenticada de T\u00edtulo<\/h6>\n<\/li>\n<li>\n<h6>Fotocopia autenticada de Certificado Anal\u00edtico<\/h6>\n<\/li>\n<li>\n<h6>Fotocopia autenticada de Carnet de Matr\u00edcula Profesional<\/h6>\n<\/li>\n<li>\n<h6>Fotocopia autenticada de D.N.I.<\/h6>\n<\/li>\n<li>\n<h6>Presentaci\u00f3n de Curr\u00edculum Vitae<\/h6>\n<\/li>\n<li>\n<h6>Nota de solicitud: Dirigida al Vicepresidente de la Comisi\u00f3n de Asesora de Docencia e Investigaci\u00f3n- Dr. Edgardo Le\u00f3n de la Fuente.<\/h6>\n<\/li>\n<\/ul>\n<h6>Nota: Los ingresos para todas las concurrencias vigentes\u00a0 se rinden en el mes de marzo y se inscriben en el mes de febrero. Consultar:<\/h6>\n<h6><strong>Programa de Recursos Humanos- Hosp. Dr. Arturo O\u00f1ativia<\/strong><\/h6>\n<h6><strong>\u00a0Horario: Lunes a Viernes de 7 a 16 hs. Lunes a Viernes<\/strong><\/h6>\n<h6><u>rrhh.honativia@gmail.com<\/u><\/h6>\n","protected":false},"excerpt":{"rendered":"<p>Programas de Formaci\u00f3n y Capacitaci\u00f3n Modalidad y Duraci\u00f3n: Residencias: 3 a\u00f1os Concurrencias: 1 a 3 a\u00f1os Pasant\u00edas: 6 meses a<\/p>\n","protected":false},"author":2,"featured_media":0,"parent":0,"menu_order":0,"comment_status":"closed","ping_status":"closed","template":"","meta":{"footnotes":""},"class_list":["post-84","page","type-page","status-publish","hentry"],"yoast_head":"<!-- This site is optimized with the Yoast SEO plugin v18.0 - https:\/\/yoast.com\/wordpress\/plugins\/seo\/ -->\n<title>Capacitaci\u00f3n y Docencia - Hospital Dr. Arturo O\u00f1ativia<\/title>\n<meta name=\"robots\" content=\"index, follow, max-snippet:-1, max-image-preview:large, max-video-preview:-1\" \/>\n<link rel=\"canonical\" href=\"https:\/\/www.hospitalonativia.gob.ar\/?page_id=84\" \/>\n<meta property=\"og:locale\" content=\"es_ES\" \/>\n<meta property=\"og:type\" content=\"article\" \/>\n<meta property=\"og:title\" content=\"Capacitaci\u00f3n y Docencia - Hospital Dr. Arturo O\u00f1ativia\" \/>\n<meta property=\"og:description\" content=\"Programas de Formaci\u00f3n y Capacitaci\u00f3n Modalidad y Duraci\u00f3n: Residencias: 3 a\u00f1os Concurrencias: 1 a 3 a\u00f1os Pasant\u00edas: 6 meses a\" \/>\n<meta property=\"og:url\" content=\"https:\/\/www.hospitalonativia.gob.ar\/?page_id=84\" \/>\n<meta property=\"og:site_name\" content=\"Hospital Dr. Arturo O\u00f1ativia\" \/>\n<meta property=\"article:modified_time\" content=\"2019-12-10T18:21:15+00:00\" \/>\n<meta name=\"twitter:card\" content=\"summary_large_image\" \/>\n<meta name=\"twitter:label1\" content=\"Tiempo de lectura\" \/>\n\t<meta name=\"twitter:data1\" content=\"2 minutos\" \/>\n<script type=\"application\/ld+json\" class=\"yoast-schema-graph\">{\"@context\":\"https:\/\/schema.org\",\"@graph\":[{\"@type\":\"WebSite\",\"@id\":\"https:\/\/www.hospitalonativia.gob.ar\/#website\",\"url\":\"https:\/\/www.hospitalonativia.gob.ar\/\",\"name\":\"Hospital Dr. Arturo O\u00f1ativia\",\"description\":\"Salta Capital\",\"potentialAction\":[{\"@type\":\"SearchAction\",\"target\":{\"@type\":\"EntryPoint\",\"urlTemplate\":\"https:\/\/www.hospitalonativia.gob.ar\/?s={search_term_string}\"},\"query-input\":\"required name=search_term_string\"}],\"inLanguage\":\"es\"},{\"@type\":\"WebPage\",\"@id\":\"https:\/\/www.hospitalonativia.gob.ar\/?page_id=84#webpage\",\"url\":\"https:\/\/www.hospitalonativia.gob.ar\/?page_id=84\",\"name\":\"Capacitaci\u00f3n y Docencia - Hospital Dr. Arturo O\u00f1ativia\",\"isPartOf\":{\"@id\":\"https:\/\/www.hospitalonativia.gob.ar\/#website\"},\"datePublished\":\"2016-06-27T16:44:31+00:00\",\"dateModified\":\"2019-12-10T18:21:15+00:00\",\"breadcrumb\":{\"@id\":\"https:\/\/www.hospitalonativia.gob.ar\/?page_id=84#breadcrumb\"},\"inLanguage\":\"es\",\"potentialAction\":[{\"@type\":\"ReadAction\",\"target\":[\"https:\/\/www.hospitalonativia.gob.ar\/?page_id=84\"]}]},{\"@type\":\"BreadcrumbList\",\"@id\":\"https:\/\/www.hospitalonativia.gob.ar\/?page_id=84#breadcrumb\",\"itemListElement\":[{\"@type\":\"ListItem\",\"position\":1,\"name\":\"Portada\",\"item\":\"https:\/\/www.hospitalonativia.gob.ar\/\"},{\"@type\":\"ListItem\",\"position\":2,\"name\":\"Capacitaci\u00f3n y Docencia\"}]}]}<\/script>\n<!-- \/ Yoast SEO plugin. -->","yoast_head_json":{"title":"Capacitaci\u00f3n y Docencia - Hospital Dr. Arturo O\u00f1ativia","robots":{"index":"index","follow":"follow","max-snippet":"max-snippet:-1","max-image-preview":"max-image-preview:large","max-video-preview":"max-video-preview:-1"},"canonical":"https:\/\/www.hospitalonativia.gob.ar\/?page_id=84","og_locale":"es_ES","og_type":"article","og_title":"Capacitaci\u00f3n y Docencia - Hospital Dr. Arturo O\u00f1ativia","og_description":"Programas de Formaci\u00f3n y Capacitaci\u00f3n Modalidad y Duraci\u00f3n: Residencias: 3 a\u00f1os Concurrencias: 1 a 3 a\u00f1os Pasant\u00edas: 6 meses a","og_url":"https:\/\/www.hospitalonativia.gob.ar\/?page_id=84","og_site_name":"Hospital Dr. Arturo O\u00f1ativia","article_modified_time":"2019-12-10T18:21:15+00:00","twitter_card":"summary_large_image","twitter_misc":{"Tiempo de lectura":"2 minutos"},"schema":{"@context":"https:\/\/schema.org","@graph":[{"@type":"WebSite","@id":"https:\/\/www.hospitalonativia.gob.ar\/#website","url":"https:\/\/www.hospitalonativia.gob.ar\/","name":"Hospital Dr. Arturo O\u00f1ativia","description":"Salta Capital","potentialAction":[{"@type":"SearchAction","target":{"@type":"EntryPoint","urlTemplate":"https:\/\/www.hospitalonativia.gob.ar\/?s={search_term_string}"},"query-input":"required name=search_term_string"}],"inLanguage":"es"},{"@type":"WebPage","@id":"https:\/\/www.hospitalonativia.gob.ar\/?page_id=84#webpage","url":"https:\/\/www.hospitalonativia.gob.ar\/?page_id=84","name":"Capacitaci\u00f3n y Docencia - Hospital Dr. Arturo O\u00f1ativia","isPartOf":{"@id":"https:\/\/www.hospitalonativia.gob.ar\/#website"},"datePublished":"2016-06-27T16:44:31+00:00","dateModified":"2019-12-10T18:21:15+00:00","breadcrumb":{"@id":"https:\/\/www.hospitalonativia.gob.ar\/?page_id=84#breadcrumb"},"inLanguage":"es","potentialAction":[{"@type":"ReadAction","target":["https:\/\/www.hospitalonativia.gob.ar\/?page_id=84"]}]},{"@type":"BreadcrumbList","@id":"https:\/\/www.hospitalonativia.gob.ar\/?page_id=84#breadcrumb","itemListElement":[{"@type":"ListItem","position":1,"name":"Portada","item":"https:\/\/www.hospitalonativia.gob.ar\/"},{"@type":"ListItem","position":2,"name":"Capacitaci\u00f3n y Docencia"}]}]}},"_links":{"self":[{"href":"https:\/\/www.hospitalonativia.gob.ar\/index.php?rest_route=\/wp\/v2\/pages\/84"}],"collection":[{"href":"https:\/\/www.hospitalonativia.gob.ar\/index.php?rest_route=\/wp\/v2\/pages"}],"about":[{"href":"https:\/\/www.hospitalonativia.gob.ar\/index.php?rest_route=\/wp\/v2\/types\/page"}],"author":[{"embeddable":true,"href":"https:\/\/www.hospitalonativia.gob.ar\/index.php?rest_route=\/wp\/v2\/users\/2"}],"replies":[{"embeddable":true,"href":"https:\/\/www.hospitalonativia.gob.ar\/index.php?rest_route=%2Fwp%2Fv2%2Fcomments&post=84"}],"version-history":[{"count":9,"href":"https:\/\/www.hospitalonativia.gob.ar\/index.php?rest_route=\/wp\/v2\/pages\/84\/revisions"}],"predecessor-version":[{"id":1718,"href":"https:\/\/www.hospitalonativia.gob.ar\/index.php?rest_route=\/wp\/v2\/pages\/84\/revisions\/1718"}],"wp:attachment":[{"href":"https:\/\/www.hospitalonativia.gob.ar\/index.php?rest_route=%2Fwp%2Fv2%2Fmedia&parent=84"}],"curies":[{"name":"wp","href":"https:\/\/api.w.org\/{rel}","templated":true}]}}