{"id":856,"date":"2017-06-16T12:01:14","date_gmt":"2017-06-16T15:01:14","guid":{"rendered":"http:\/\/www.hospitalonativia.gob.ar\/?page_id=856"},"modified":"2021-04-19T10:10:20","modified_gmt":"2021-04-19T13:10:20","slug":"autoridades","status":"publish","type":"page","link":"https:\/\/www.hospitalonativia.gob.ar\/?page_id=856","title":{"rendered":"Autoridades"},"content":{"rendered":"<div style=\"\u201dpadding: 12px; background-color: lightgreen; border: 2px solid blue;\">\n<h1><span style=\"font-family: arial, helvetica, sans-serif; font-size: 12pt;\"><strong><span style=\"text-decoration: underline; font-size: 14pt;\">GERENCIA GENERAL<\/span>: <span style=\"font-size: 14pt;\">Dr. Marcelo Nallar Dera<\/span><\/strong><\/span><span style=\"font-family: arial, helvetica, sans-serif; font-size: 12pt;\"><strong>\u00a0<\/strong><\/span><\/h1>\n<h2><span style=\"font-family: arial, helvetica, sans-serif; font-size: 12pt;\"><strong><span style=\"text-decoration: underline; font-size: 14pt;\">SUBGERENCIA<\/span>:\u00a0<span style=\"font-size: 14pt;\">Dra. Macarena Galindez<\/span><\/strong><\/span><\/h2>\n<p><strong><u>Consejo de Administraci\u00f3n<\/u><\/strong><strong>:\u00a0 \u00a0 \u00a0 \u00a0 \u00a0 \u00a0 \u00a0 \u00a0 \u00a0 \u00a0 \u00a0 \u00a0 \u00a0\u00a0<\/strong><\/p>\n<p style=\"text-align: left;\">Dra. Florencia Soto (Titular Agrup. Prof.)<br \/>\nDra. Natalia Gonza (Suplente Agrup. Prof.)<br \/>\nEnf. L\u00f3pez Flavia (Agrup. No Prof.)<br \/>\nDr. Hector Molina (MSP)<br \/>\nSr. Pablo Gatica (IPS)<br \/>\nSr. Alberto S\u00e1nchez (Secr. de Gesti\u00f3n Admin.)<\/p>\n<p><strong><u>Consejo Asesor Sanitario:<\/u><\/strong><\/p>\n<p>Dr. Marcelo Nallar (Gerente General Hospital Dr. A. O\u00f1ativia)<br \/>\nDr. Luis M. Garc\u00eda Salado ( Jefe de Gabinete Ejecutivo Municipalidad de Salta)<br \/>\nDr. Carlos Colmenares ( Pte. Fundaci\u00f3n Luis O. Colmenares)<br \/>\nDr. Jorge Torres (MSP)<br \/>\nSra. Liliana Cejas\u00a0\u00a0(T\u00e9c.en Econom\u00eda Social)<br \/>\nSr. Alfredo Guzm\u00e1n\u00a0(Pte. Fundaci\u00f3n H\u00e9roes de las Malvinas)<br \/>\nSra. M\u00f3nica Torfe (Pte. Comisi\u00f3n de Salud y Ni\u00f1ez- C. Deliberante de la C. de Salta)<br \/>\nSr. \u00c1ngel Causarano (Concejo Deliberante de la Ciudad de Salta)<\/p>\n<p><span style=\"font-family: arial, helvetica, sans-serif; font-size: 12pt;\"><strong>\u00a0 \u00a0 \u00a0 \u00a0Asesor\u00eda Legal<\/strong>: Dr. Mart\u00edn Bridoux<\/span><\/p>\n<ul style=\"list-style-type: circle;\">\n<li><span style=\"font-size: 12pt;\"><span style=\"font-family: arial, helvetica, sans-serif;\"><strong>Programa Secretar\u00eda Administrativa<\/strong>:\u00a0Sra. Nilda Balboa<\/span><\/span><\/li>\n<li><span style=\"font-family: arial, helvetica, sans-serif;\"><strong>Programa Recursos Humanos<\/strong>:<\/span> Lic. Valeria Vidaurre<\/li>\n<\/ul>\n<p><span style=\"font-family: arial, helvetica, sans-serif; font-size: 12pt;\"><span style=\"font-size: 14pt;\"><strong>\u00a0 GERENCIA DE ATENCI\u00d3N A LAS PERSONAS<\/strong><\/span><strong>:<\/strong> Dr. Mario Ruiz<\/span><\/p>\n<p style=\"padding-left: 60px;\"><span style=\"font-family: arial, helvetica, sans-serif; font-size: 12pt;\">-Sector Unidad de Cuidados Intensivos: Dr. Oscar Toma<\/span><\/p>\n<p style=\"padding-left: 60px;\"><span style=\"font-family: arial, helvetica, sans-serif; font-size: 12pt;\">-Programa Farmacia y Esterilizaci\u00f3n: Farm. Irup\u00e9 Kolling<\/span><\/p>\n<ul style=\"list-style-type: circle;\">\n<li><span style=\"font-family: arial, helvetica, sans-serif; font-size: 12pt;\"><strong>Programa de Endocrinolog\u00eda<\/strong>: Dra. Valeria Cerioni<\/span><\/li>\n<\/ul>\n<p style=\"padding-left: 60px;\"><span style=\"font-family: arial, helvetica, sans-serif; font-size: 12pt;\">-Sector Tiroides<strong>:\u00a0<\/strong>Dra. Irene Torrez<\/span><\/p>\n<ul style=\"list-style-type: circle;\">\n<li><span style=\"font-family: arial, helvetica, sans-serif; font-size: 12pt;\"><strong>Programa de Diabetes y Nutrici\u00f3n Cl\u00ednica<\/strong>: Dra. Florencia Soto<\/span><\/li>\n<\/ul>\n<p style=\"padding-left: 60px;\"><span style=\"font-family: arial, helvetica, sans-serif; font-size: 12pt;\">-Sector Diabetes:<strong>\u00a0<\/strong>Dra. Miriam D\u00edaz Heredia<\/span><\/p>\n<p style=\"padding-left: 60px;\"><span style=\"font-family: arial, helvetica, sans-serif; font-size: 12pt;\">-Sector Nutrici\u00f3n: Dra. Alina Nazha<\/span><\/p>\n<ul style=\"list-style-type: circle;\">\n<li><span style=\"font-family: arial, helvetica, sans-serif; font-size: 12pt;\"><strong>Programa de Cl\u00ednica M\u00e9dica<\/strong>: Dr. Fernando N\u00fa\u00f1ez<\/span><\/li>\n<\/ul>\n<p style=\"padding-left: 60px;\"><span style=\"font-family: arial, helvetica, sans-serif; font-size: 12pt;\">-Sector de\u00a0 Cl\u00ednica M\u00e9dica: Federico Vasvari<\/span><\/p>\n<p style=\"padding-left: 60px;\"><span style=\"font-family: arial, helvetica, sans-serif; font-size: 12pt;\">-Sector Guardia y Sala: Dr. Nicolas Flandorffer<\/span><\/p>\n<p style=\"padding-left: 60px;\"><span style=\"font-family: arial, helvetica, sans-serif; font-size: 12pt;\">-Sector Cardiolog\u00eda y U.M.I.: Dr. Fernando G\u00f3mez<\/span><\/p>\n<p style=\"padding-left: 60px;\"><span style=\"font-family: arial, helvetica, sans-serif; font-size: 12pt;\">-Sector de Salud Mental: Lic. Gabriela Makluff<\/span><\/p>\n<p style=\"padding-left: 60px;\"><span style=\"font-family: arial, helvetica, sans-serif; font-size: 12pt;\">-Sector Kinesioterapia: Lic. Maida Nallim<\/span><\/p>\n<ul style=\"list-style-type: circle;\">\n<li><span style=\"font-family: arial, helvetica, sans-serif; font-size: 12pt;\"><strong>Programa de Cirug\u00eda<\/strong>: Dr. Ramiro Oca\u00f1a<\/span><\/li>\n<\/ul>\n<p style=\"padding-left: 60px;\"><span style=\"font-family: arial, helvetica, sans-serif; font-size: 12pt;\">-Sector Cirug\u00eda General y Anestesia : Dr. Nicol\u00e1s Salmoral<\/span><\/p>\n<p style=\"padding-left: 60px;\"><span style=\"font-family: arial, helvetica, sans-serif; font-size: 12pt;\">-Sector Patolog\u00eda Mamaria\u00a0y Ginecol\u00f3gica: Dra. Julia Salinas<\/span><\/p>\n<p style=\"padding-left: 60px;\"><span style=\"font-family: arial, helvetica, sans-serif; font-size: 12pt;\">-Sector Cirug\u00eda Endocrina: Dr. Leopoldo Van Cauwlaert<\/span><\/p>\n<p style=\"padding-left: 60px;\"><span style=\"font-family: arial, helvetica, sans-serif; font-size: 12pt;\">-Sector Urolog\u00eda y Trasplante: Dr. Ramiro Oca\u00f1a<\/span><\/p>\n<p style=\"padding-left: 60px;\"><span style=\"font-family: arial, helvetica, sans-serif; font-size: 12pt;\">-Sector Vascular y Traumatol\u00f3gica: Dr. Mat\u00edas Nallar<\/span><\/p>\n<ul style=\"list-style-type: circle;\">\n<li><span style=\"font-family: arial, helvetica, sans-serif; font-size: 12pt;\"><strong>Programa de Medicina Nuclear<\/strong>:\u00a0Dra. Natalia Gonza<\/span><\/li>\n<\/ul>\n<p style=\"padding-left: 60px;\"><span style=\"font-family: arial, helvetica, sans-serif; font-size: 12pt;\">-Sector Cirug\u00eda Percut\u00e1nea e Im\u00e1genes: Dra. Gilda M. Richter<\/span><\/p>\n<ul style=\"list-style-type: circle;\">\n<li><span style=\"font-family: arial, helvetica, sans-serif; font-size: 12pt;\"><strong>Programa de Anatom\u00eda Patol\u00f3gica y Gen\u00e9tica<\/strong>: Dr. Marcelo Monteros Alvi<\/span><\/li>\n<\/ul>\n<p style=\"padding-left: 60px;\"><span style=\"font-family: arial, helvetica, sans-serif; font-size: 12pt;\">-Sector Anatom\u00eda Patol\u00f3gica y Biolog\u00eda Molecular:<\/span><\/p>\n<p style=\"padding-left: 60px;\"><span style=\"font-family: arial, helvetica, sans-serif; font-size: 12pt;\">-Sector Gen\u00e9tica Cl\u00ednica y Citogen\u00e9tica: Lic. Carolina Mart\u00ednez Taibo<\/span><\/p>\n<ul style=\"list-style-type: circle;\">\n<li><span style=\"font-family: arial, helvetica, sans-serif; font-size: 12pt;\"><strong>Programa de Nefrolog\u00eda y Hemodi\u00e1lisis<\/strong>: Dr. Ra\u00fal Pidoux<\/span><\/li>\n<\/ul>\n<p style=\"padding-left: 60px;\"><span style=\"font-family: arial, helvetica, sans-serif; font-size: 12pt;\">\u00a0-Sector Hemodi\u00e1lisis: Dr. Jorge Zapata<\/span><\/p>\n<p style=\"padding-left: 60px;\"><span style=\"font-family: arial, helvetica, sans-serif; font-size: 12pt;\">\u00a0-Sector Nefrolog\u00eda: Dr. Antonio Moya<\/span><\/p>\n<ul style=\"list-style-type: circle;\">\n<li><span style=\"font-family: arial, helvetica, sans-serif; font-size: 12pt;\"><strong>Programa Laboratorio Bioqu\u00edmico<\/strong>: Dra. Mariela I. Nordera<\/span><\/li>\n<\/ul>\n<p style=\"padding-left: 60px;\"><span style=\"font-family: arial, helvetica, sans-serif; font-size: 12pt;\">-Sector Hormonal: Dr. Luis Valdecantos<\/span><\/p>\n<p style=\"padding-left: 60px;\"><span style=\"font-family: arial, helvetica, sans-serif; font-size: 12pt;\">-Sector Cl\u00ednico: Dra. Amelia Castiella G\u00fcemes<\/span><\/p>\n<ul style=\"list-style-type: circle;\">\n<li><span style=\"font-family: arial, helvetica, sans-serif; font-size: 12pt;\"><strong>Programa de Nutrici\u00f3n<\/strong>:\u00a0Lic. Virginia Pamparana<\/span><\/li>\n<\/ul>\n<ul style=\"list-style-type: circle;\">\n<li><span style=\"font-family: arial, helvetica, sans-serif; font-size: 12pt;\"><strong>Programa de Enfermer\u00eda<\/strong>:\u00a0Lic. Olber Yapura<\/span><\/li>\n<\/ul>\n<p style=\"padding-left: 60px;\"><span style=\"font-family: arial, helvetica, sans-serif; font-size: 12pt;\">-Supervisores Turno Ma\u00f1ana: Lic. Teresa Guanca &#8211; Lic. Omar Trobiani<\/span><\/p>\n<p style=\"padding-left: 60px;\"><span style=\"font-family: arial, helvetica, sans-serif; font-size: 12pt;\">-Supervisora Turno Tarde: Enf. Noem\u00ed Lera<\/span><\/p>\n<p style=\"padding-left: 60px;\"><span style=\"font-family: arial, helvetica, sans-serif; font-size: 12pt;\">-Supervisora Turno Noche A: Enf. Valeria Vicente <\/span><\/p>\n<p style=\"padding-left: 60px;\"><span style=\"font-family: arial, helvetica, sans-serif; font-size: 12pt;\">-Supervisora Turno Noche B: Lic. Argentina Vilte\u00a0\u00a0<\/span><\/p>\n<p style=\"padding-left: 60px;\"><span style=\"font-family: arial, helvetica, sans-serif; font-size: 12pt;\">-Supervisor Fin de Semana: Enf. Juana Vi\u00f1abal<\/span><\/p>\n<p style=\"padding-left: 60px;\"><span style=\"font-family: arial, helvetica, sans-serif; font-size: 12pt;\">-Jefe de Nefrolog\u00eda: Lic. Susana R\u00edos<\/span><\/p>\n<p style=\"padding-left: 60px;\"><span style=\"font-family: arial, helvetica, sans-serif; font-size: 12pt;\">-Jefe de Quir\u00f3fano: T\u00e9c.\u00a0Inst. Marcelo Navarro<\/span><\/p>\n<p style=\"padding-left: 60px;\"><span style=\"font-family: arial, helvetica, sans-serif; font-size: 12pt;\">-Jefe de UCI y U.M.I: Enf. Univ. Vilma Calle<\/span><\/p>\n<p><span style=\"font-family: arial, helvetica, sans-serif; font-size: 12pt;\"><strong><span style=\"font-size: 14pt;\">\u00a0 GERENCIA SANITARIA<\/span>: <\/strong>Lic. Paula Carrizo\u00a0<\/span><\/p>\n<p style=\"padding-left: 60px;\"><span style=\"font-family: arial, helvetica, sans-serif; font-size: 12pt;\">\u00a0-Sector Servicio Social:\u00a0Lic. Alicia B. Cuevas<\/span><\/p>\n<ul style=\"list-style-type: circle;\">\n<li><span style=\"font-family: arial, helvetica, sans-serif; font-size: 12pt;\"><strong>Programa de Salud<\/strong>: Dr. Antonio de los Rios\u00a0<\/span><\/li>\n<\/ul>\n<p style=\"padding-left: 60px;\"><span style=\"font-family: arial, helvetica, sans-serif; font-size: 12pt;\">\u00a0-Sector Epidemiolog\u00eda y Calidad de los Servicios: Lic. Emma Laura Torrez<\/span><\/p>\n<ul style=\"list-style-type: circle;\">\n<li><span style=\"font-family: arial, helvetica, sans-serif; font-size: 12pt;\"><strong>Programa Estad\u00edstica<\/strong>:\u00a0T\u00e9c. Olga del Valle C\u00f3rdoba<\/span><\/li>\n<\/ul>\n<p style=\"padding-left: 60px;\"><span style=\"font-family: arial, helvetica, sans-serif; font-size: 12pt;\">-Sector Admisi\u00f3n y Egreso: Sr. Cristian Vargas<\/span><\/p>\n<p style=\"padding-left: 60px;\"><span style=\"font-family: arial, helvetica, sans-serif; font-size: 12pt;\">-Sector Inscripci\u00f3n y Archivos: M\u00f3nica Beatriz Magno<\/span><\/p>\n<ul>\n<li><span style=\"font-family: arial, helvetica, sans-serif; font-size: 12pt;\"><strong>Coordinacion General<\/strong>: Sr. Osvaldo Sosa<\/span><\/li>\n<\/ul>\n<p><span style=\"font-family: arial, helvetica, sans-serif; font-size: 12pt;\"><strong><span style=\"font-size: 14pt;\">\u00a0 GERENCIA ADMINISTRATIVA<\/span>:\u00a0<\/strong>C.P.N. Roberto De Los R\u00edos<\/span><\/p>\n<p style=\"padding-left: 60px;\"><span style=\"font-family: arial, helvetica, sans-serif; font-size: 12pt;\">-Sector Personal: Sr. Oscar Monta\u00f1o<\/span><\/p>\n<p style=\"padding-left: 60px;\"><span style=\"font-family: arial, helvetica, sans-serif; font-size: 12pt;\">-Sector Inform\u00e1tica: Lic. Pablo G. P\u00e9rez<\/span><\/p>\n<ul style=\"list-style-type: circle;\">\n<li><span style=\"font-family: arial, helvetica, sans-serif; font-size: 12pt;\"><strong>Programa Compras<\/strong>: Sra. Lilian A. Cruz<\/span><\/li>\n<\/ul>\n<p style=\"padding-left: 60px;\"><span style=\"font-family: arial, helvetica, sans-serif; font-size: 12pt;\">\u00a0&#8211; Sector Gesti\u00f3n de Contrataciones: Srta. Romina Medina<\/span><\/p>\n<ul style=\"list-style-type: circle;\">\n<li><span style=\"font-family: arial, helvetica, sans-serif; font-size: 12pt;\"><strong>Programa Administraci\u00f3n<\/strong> <strong>Presupuestaria<\/strong>: Sra. Gloria Castro<\/span><\/li>\n<\/ul>\n<p style=\"padding-left: 60px;\"><span style=\"font-family: arial, helvetica, sans-serif; font-size: 12pt;\">\u00a0 &#8211; Sector Rendici\u00f3n de Ctas. y Presupuestos: C.P.N. Mariela Armella<\/span><\/p>\n<p style=\"padding-left: 60px;\"><span style=\"font-family: arial, helvetica, sans-serif; font-size: 12pt;\">\u00a0 &#8211; Sector Patrimonio y Dep\u00f3sito: Srta. Yolanda Fabi\u00e1n<\/span><\/p>\n<ul style=\"list-style-type: circle;\">\n<li><span style=\"font-family: arial, helvetica, sans-serif; font-size: 12pt;\"><strong>Programa Tesorer\u00eda y Recuperaci\u00f3n de Costos<\/strong>: T\u00e9c. Carlos A. Menghini<\/span><\/li>\n<\/ul>\n<p style=\"padding-left: 60px;\"><span style=\"font-family: arial, helvetica, sans-serif; font-size: 12pt;\">\u00a0 -Sector Facturaci\u00f3n: Ver\u00f3nica Sin\u00f3poli<\/span><\/p>\n<p style=\"padding-left: 60px;\"><span style=\"font-family: arial, helvetica, sans-serif; font-size: 12pt;\">\u00a0 -Sector Cobranzas: David Wierna<\/span><\/p>\n<ul style=\"list-style-type: circle;\">\n<li><span style=\"font-family: arial, helvetica, sans-serif; font-size: 12pt;\"><strong>Programa de Servicios Generales e Infraestructura<\/strong>: T\u00e9c. Rafael R. Torres<\/span><\/li>\n<\/ul>\n<p style=\"padding-left: 60px;\"><span style=\"font-family: arial, helvetica, sans-serif; font-size: 12pt;\">\u00a0 -Sector Equipamientos M\u00e9dicos: Bioing. Debora Vera<\/span><\/p>\n<p style=\"padding-left: 60px;\"><span style=\"font-family: arial, helvetica, sans-serif; font-size: 12pt;\">\u00a0 -Sector Mantenimiento y Transporte:\u00a0<\/span><\/p>\n<p style=\"padding-left: 60px;\"><span style=\"font-family: arial, helvetica, sans-serif; font-size: 12pt;\">\u00a0 -Sector Porter\u00eda, Roper\u00eda y Limpieza: Sra. Sandra A. Saravia<\/span><\/p>\n<\/div>\n","protected":false},"excerpt":{"rendered":"<p>GERENCIA GENERAL: Dr. Marcelo Nallar Dera\u00a0 SUBGERENCIA:\u00a0Dra. Macarena Galindez Consejo de Administraci\u00f3n:\u00a0 \u00a0 \u00a0 \u00a0 \u00a0 \u00a0 \u00a0 \u00a0 \u00a0<\/p>\n","protected":false},"author":2,"featured_media":0,"parent":0,"menu_order":0,"comment_status":"closed","ping_status":"closed","template":"","meta":{"footnotes":""},"class_list":["post-856","page","type-page","status-publish","hentry"],"yoast_head":"<!-- This site is optimized with the Yoast SEO plugin v18.0 - https:\/\/yoast.com\/wordpress\/plugins\/seo\/ -->\n<title>Autoridades - Hospital Dr. Arturo O\u00f1ativia<\/title>\n<meta name=\"robots\" content=\"index, follow, max-snippet:-1, max-image-preview:large, max-video-preview:-1\" \/>\n<link rel=\"canonical\" href=\"https:\/\/www.hospitalonativia.gob.ar\/?page_id=856\" \/>\n<meta property=\"og:locale\" content=\"es_ES\" \/>\n<meta property=\"og:type\" content=\"article\" \/>\n<meta property=\"og:title\" content=\"Autoridades - Hospital Dr. Arturo O\u00f1ativia\" \/>\n<meta property=\"og:description\" content=\"GERENCIA GENERAL: Dr. Marcelo Nallar Dera\u00a0 SUBGERENCIA:\u00a0Dra. Macarena Galindez Consejo de Administraci\u00f3n:\u00a0 \u00a0 \u00a0 \u00a0 \u00a0 \u00a0 \u00a0 \u00a0 \u00a0\" \/>\n<meta property=\"og:url\" content=\"https:\/\/www.hospitalonativia.gob.ar\/?page_id=856\" \/>\n<meta property=\"og:site_name\" content=\"Hospital Dr. Arturo O\u00f1ativia\" \/>\n<meta property=\"article:modified_time\" content=\"2021-04-19T13:10:20+00:00\" \/>\n<meta name=\"twitter:card\" content=\"summary_large_image\" \/>\n<meta name=\"twitter:label1\" content=\"Tiempo de lectura\" \/>\n\t<meta name=\"twitter:data1\" content=\"3 minutos\" \/>\n<script type=\"application\/ld+json\" class=\"yoast-schema-graph\">{\"@context\":\"https:\/\/schema.org\",\"@graph\":[{\"@type\":\"WebSite\",\"@id\":\"https:\/\/www.hospitalonativia.gob.ar\/#website\",\"url\":\"https:\/\/www.hospitalonativia.gob.ar\/\",\"name\":\"Hospital Dr. Arturo O\u00f1ativia\",\"description\":\"Salta Capital\",\"potentialAction\":[{\"@type\":\"SearchAction\",\"target\":{\"@type\":\"EntryPoint\",\"urlTemplate\":\"https:\/\/www.hospitalonativia.gob.ar\/?s={search_term_string}\"},\"query-input\":\"required name=search_term_string\"}],\"inLanguage\":\"es\"},{\"@type\":\"WebPage\",\"@id\":\"https:\/\/www.hospitalonativia.gob.ar\/?page_id=856#webpage\",\"url\":\"https:\/\/www.hospitalonativia.gob.ar\/?page_id=856\",\"name\":\"Autoridades - Hospital Dr. Arturo O\u00f1ativia\",\"isPartOf\":{\"@id\":\"https:\/\/www.hospitalonativia.gob.ar\/#website\"},\"datePublished\":\"2017-06-16T15:01:14+00:00\",\"dateModified\":\"2021-04-19T13:10:20+00:00\",\"breadcrumb\":{\"@id\":\"https:\/\/www.hospitalonativia.gob.ar\/?page_id=856#breadcrumb\"},\"inLanguage\":\"es\",\"potentialAction\":[{\"@type\":\"ReadAction\",\"target\":[\"https:\/\/www.hospitalonativia.gob.ar\/?page_id=856\"]}]},{\"@type\":\"BreadcrumbList\",\"@id\":\"https:\/\/www.hospitalonativia.gob.ar\/?page_id=856#breadcrumb\",\"itemListElement\":[{\"@type\":\"ListItem\",\"position\":1,\"name\":\"Portada\",\"item\":\"https:\/\/www.hospitalonativia.gob.ar\/\"},{\"@type\":\"ListItem\",\"position\":2,\"name\":\"Autoridades\"}]}]}<\/script>\n<!-- \/ Yoast SEO plugin. -->","yoast_head_json":{"title":"Autoridades - Hospital Dr. Arturo O\u00f1ativia","robots":{"index":"index","follow":"follow","max-snippet":"max-snippet:-1","max-image-preview":"max-image-preview:large","max-video-preview":"max-video-preview:-1"},"canonical":"https:\/\/www.hospitalonativia.gob.ar\/?page_id=856","og_locale":"es_ES","og_type":"article","og_title":"Autoridades - Hospital Dr. Arturo O\u00f1ativia","og_description":"GERENCIA GENERAL: Dr. Marcelo Nallar Dera\u00a0 SUBGERENCIA:\u00a0Dra. Macarena Galindez Consejo de Administraci\u00f3n:\u00a0 \u00a0 \u00a0 \u00a0 \u00a0 \u00a0 \u00a0 \u00a0 \u00a0","og_url":"https:\/\/www.hospitalonativia.gob.ar\/?page_id=856","og_site_name":"Hospital Dr. Arturo O\u00f1ativia","article_modified_time":"2021-04-19T13:10:20+00:00","twitter_card":"summary_large_image","twitter_misc":{"Tiempo de lectura":"3 minutos"},"schema":{"@context":"https:\/\/schema.org","@graph":[{"@type":"WebSite","@id":"https:\/\/www.hospitalonativia.gob.ar\/#website","url":"https:\/\/www.hospitalonativia.gob.ar\/","name":"Hospital Dr. Arturo O\u00f1ativia","description":"Salta Capital","potentialAction":[{"@type":"SearchAction","target":{"@type":"EntryPoint","urlTemplate":"https:\/\/www.hospitalonativia.gob.ar\/?s={search_term_string}"},"query-input":"required name=search_term_string"}],"inLanguage":"es"},{"@type":"WebPage","@id":"https:\/\/www.hospitalonativia.gob.ar\/?page_id=856#webpage","url":"https:\/\/www.hospitalonativia.gob.ar\/?page_id=856","name":"Autoridades - Hospital Dr. Arturo O\u00f1ativia","isPartOf":{"@id":"https:\/\/www.hospitalonativia.gob.ar\/#website"},"datePublished":"2017-06-16T15:01:14+00:00","dateModified":"2021-04-19T13:10:20+00:00","breadcrumb":{"@id":"https:\/\/www.hospitalonativia.gob.ar\/?page_id=856#breadcrumb"},"inLanguage":"es","potentialAction":[{"@type":"ReadAction","target":["https:\/\/www.hospitalonativia.gob.ar\/?page_id=856"]}]},{"@type":"BreadcrumbList","@id":"https:\/\/www.hospitalonativia.gob.ar\/?page_id=856#breadcrumb","itemListElement":[{"@type":"ListItem","position":1,"name":"Portada","item":"https:\/\/www.hospitalonativia.gob.ar\/"},{"@type":"ListItem","position":2,"name":"Autoridades"}]}]}},"_links":{"self":[{"href":"https:\/\/www.hospitalonativia.gob.ar\/index.php?rest_route=\/wp\/v2\/pages\/856"}],"collection":[{"href":"https:\/\/www.hospitalonativia.gob.ar\/index.php?rest_route=\/wp\/v2\/pages"}],"about":[{"href":"https:\/\/www.hospitalonativia.gob.ar\/index.php?rest_route=\/wp\/v2\/types\/page"}],"author":[{"embeddable":true,"href":"https:\/\/www.hospitalonativia.gob.ar\/index.php?rest_route=\/wp\/v2\/users\/2"}],"replies":[{"embeddable":true,"href":"https:\/\/www.hospitalonativia.gob.ar\/index.php?rest_route=%2Fwp%2Fv2%2Fcomments&post=856"}],"version-history":[{"count":29,"href":"https:\/\/www.hospitalonativia.gob.ar\/index.php?rest_route=\/wp\/v2\/pages\/856\/revisions"}],"predecessor-version":[{"id":1792,"href":"https:\/\/www.hospitalonativia.gob.ar\/index.php?rest_route=\/wp\/v2\/pages\/856\/revisions\/1792"}],"wp:attachment":[{"href":"https:\/\/www.hospitalonativia.gob.ar\/index.php?rest_route=%2Fwp%2Fv2%2Fmedia&parent=856"}],"curies":[{"name":"wp","href":"https:\/\/api.w.org\/{rel}","templated":true}]}}