{"id":953,"date":"2017-06-23T09:46:40","date_gmt":"2017-06-23T12:46:40","guid":{"rendered":"http:\/\/www.hospitalonativia.gob.ar\/?page_id=953"},"modified":"2021-10-13T12:53:00","modified_gmt":"2021-10-13T15:53:00","slug":"comite-de-ciacs","status":"publish","type":"page","link":"https:\/\/www.hospitalonativia.gob.ar\/?page_id=953","title":{"rendered":"Comit\u00e9 de CIACS"},"content":{"rendered":"<h3><span style=\"font-size: 12pt;\"><strong>(Control de Infecciones asociadas al cuidado de la salud)<\/strong><\/span><\/h3>\n<h3><span style=\"font-size: 12pt;\"><strong>\u00a0Organismo conformado por un grupo de profesionales de car\u00e1cter interdisciplinario, los que coordinan las actividades de detecci\u00f3n, prevenci\u00f3n, control, vigilancia, investigaci\u00f3n, docencia y capacitaci\u00f3n para la detecci\u00f3n, manejo y control de las Infecciones Hospitalarias. Adem\u00e1s se encarga de promover pr\u00e1cticas\u00a0 y medidas orientadas a proteger al personal que trabaja en la Instituci\u00f3n, a los pacientes, visitantes y al medio ambiente que pueden ser afectados como resultado de la actividad asistencial.<\/strong><\/span><\/h3>\n<h3><\/h3>\n<h3><span style=\"font-size: 12pt;\">Lic. Paula Carrizo <\/span><span style=\"font-size: 12pt;\">(Coordinadora)<\/span><\/h3>\n<h3><span style=\"font-size: 12pt;\">Bioing. D\u00e9bora Vera (Bioingeniera)<\/span><\/h3>\n<h3><span style=\"font-size: 12pt;\">Dra. Laura Valle Rossi (Bacteri\u00f3loga)<\/span><\/h3>\n<h3><span style=\"font-size: 12pt;\">Dra. Irup\u00e9 Kolling (Farmac\u00e9utica)<\/span><\/h3>\n<h3><span style=\"font-size: 12pt;\">Lic. Virginia Pamparana (Nutricionista)<\/span><\/h3>\n\n","protected":false},"excerpt":{"rendered":"<p>(Control de Infecciones asociadas al cuidado de la salud) \u00a0Organismo conformado por un grupo de profesionales de car\u00e1cter interdisciplinario, los<\/p>\n","protected":false},"author":2,"featured_media":0,"parent":0,"menu_order":0,"comment_status":"closed","ping_status":"closed","template":"","meta":{"footnotes":""},"class_list":["post-953","page","type-page","status-publish","hentry"],"yoast_head":"<!-- This site is optimized with the Yoast SEO plugin v18.0 - https:\/\/yoast.com\/wordpress\/plugins\/seo\/ -->\n<title>Comit\u00e9 de CIACS - Hospital Dr. Arturo O\u00f1ativia<\/title>\n<meta name=\"robots\" content=\"index, follow, max-snippet:-1, max-image-preview:large, max-video-preview:-1\" \/>\n<link rel=\"canonical\" href=\"https:\/\/www.hospitalonativia.gob.ar\/?page_id=953\" \/>\n<meta property=\"og:locale\" content=\"es_ES\" \/>\n<meta property=\"og:type\" content=\"article\" \/>\n<meta property=\"og:title\" content=\"Comit\u00e9 de CIACS - Hospital Dr. Arturo O\u00f1ativia\" \/>\n<meta property=\"og:description\" content=\"(Control de Infecciones asociadas al cuidado de la salud) \u00a0Organismo conformado por un grupo de profesionales de car\u00e1cter interdisciplinario, los\" \/>\n<meta property=\"og:url\" content=\"https:\/\/www.hospitalonativia.gob.ar\/?page_id=953\" \/>\n<meta property=\"og:site_name\" content=\"Hospital Dr. Arturo O\u00f1ativia\" \/>\n<meta property=\"article:modified_time\" content=\"2021-10-13T15:53:00+00:00\" \/>\n<meta name=\"twitter:card\" content=\"summary_large_image\" \/>\n<meta name=\"twitter:label1\" content=\"Tiempo de lectura\" \/>\n\t<meta name=\"twitter:data1\" content=\"1 minuto\" \/>\n<script type=\"application\/ld+json\" class=\"yoast-schema-graph\">{\"@context\":\"https:\/\/schema.org\",\"@graph\":[{\"@type\":\"WebSite\",\"@id\":\"https:\/\/www.hospitalonativia.gob.ar\/#website\",\"url\":\"https:\/\/www.hospitalonativia.gob.ar\/\",\"name\":\"Hospital Dr. Arturo O\u00f1ativia\",\"description\":\"Salta Capital\",\"potentialAction\":[{\"@type\":\"SearchAction\",\"target\":{\"@type\":\"EntryPoint\",\"urlTemplate\":\"https:\/\/www.hospitalonativia.gob.ar\/?s={search_term_string}\"},\"query-input\":\"required name=search_term_string\"}],\"inLanguage\":\"es\"},{\"@type\":\"WebPage\",\"@id\":\"https:\/\/www.hospitalonativia.gob.ar\/?page_id=953#webpage\",\"url\":\"https:\/\/www.hospitalonativia.gob.ar\/?page_id=953\",\"name\":\"Comit\u00e9 de CIACS - Hospital Dr. Arturo O\u00f1ativia\",\"isPartOf\":{\"@id\":\"https:\/\/www.hospitalonativia.gob.ar\/#website\"},\"datePublished\":\"2017-06-23T12:46:40+00:00\",\"dateModified\":\"2021-10-13T15:53:00+00:00\",\"breadcrumb\":{\"@id\":\"https:\/\/www.hospitalonativia.gob.ar\/?page_id=953#breadcrumb\"},\"inLanguage\":\"es\",\"potentialAction\":[{\"@type\":\"ReadAction\",\"target\":[\"https:\/\/www.hospitalonativia.gob.ar\/?page_id=953\"]}]},{\"@type\":\"BreadcrumbList\",\"@id\":\"https:\/\/www.hospitalonativia.gob.ar\/?page_id=953#breadcrumb\",\"itemListElement\":[{\"@type\":\"ListItem\",\"position\":1,\"name\":\"Portada\",\"item\":\"https:\/\/www.hospitalonativia.gob.ar\/\"},{\"@type\":\"ListItem\",\"position\":2,\"name\":\"Comit\u00e9 de CIACS\"}]}]}<\/script>\n<!-- \/ Yoast SEO plugin. -->","yoast_head_json":{"title":"Comit\u00e9 de CIACS - Hospital Dr. Arturo O\u00f1ativia","robots":{"index":"index","follow":"follow","max-snippet":"max-snippet:-1","max-image-preview":"max-image-preview:large","max-video-preview":"max-video-preview:-1"},"canonical":"https:\/\/www.hospitalonativia.gob.ar\/?page_id=953","og_locale":"es_ES","og_type":"article","og_title":"Comit\u00e9 de CIACS - Hospital Dr. Arturo O\u00f1ativia","og_description":"(Control de Infecciones asociadas al cuidado de la salud) \u00a0Organismo conformado por un grupo de profesionales de car\u00e1cter interdisciplinario, los","og_url":"https:\/\/www.hospitalonativia.gob.ar\/?page_id=953","og_site_name":"Hospital Dr. Arturo O\u00f1ativia","article_modified_time":"2021-10-13T15:53:00+00:00","twitter_card":"summary_large_image","twitter_misc":{"Tiempo de lectura":"1 minuto"},"schema":{"@context":"https:\/\/schema.org","@graph":[{"@type":"WebSite","@id":"https:\/\/www.hospitalonativia.gob.ar\/#website","url":"https:\/\/www.hospitalonativia.gob.ar\/","name":"Hospital Dr. Arturo O\u00f1ativia","description":"Salta Capital","potentialAction":[{"@type":"SearchAction","target":{"@type":"EntryPoint","urlTemplate":"https:\/\/www.hospitalonativia.gob.ar\/?s={search_term_string}"},"query-input":"required name=search_term_string"}],"inLanguage":"es"},{"@type":"WebPage","@id":"https:\/\/www.hospitalonativia.gob.ar\/?page_id=953#webpage","url":"https:\/\/www.hospitalonativia.gob.ar\/?page_id=953","name":"Comit\u00e9 de CIACS - Hospital Dr. Arturo O\u00f1ativia","isPartOf":{"@id":"https:\/\/www.hospitalonativia.gob.ar\/#website"},"datePublished":"2017-06-23T12:46:40+00:00","dateModified":"2021-10-13T15:53:00+00:00","breadcrumb":{"@id":"https:\/\/www.hospitalonativia.gob.ar\/?page_id=953#breadcrumb"},"inLanguage":"es","potentialAction":[{"@type":"ReadAction","target":["https:\/\/www.hospitalonativia.gob.ar\/?page_id=953"]}]},{"@type":"BreadcrumbList","@id":"https:\/\/www.hospitalonativia.gob.ar\/?page_id=953#breadcrumb","itemListElement":[{"@type":"ListItem","position":1,"name":"Portada","item":"https:\/\/www.hospitalonativia.gob.ar\/"},{"@type":"ListItem","position":2,"name":"Comit\u00e9 de CIACS"}]}]}},"_links":{"self":[{"href":"https:\/\/www.hospitalonativia.gob.ar\/index.php?rest_route=\/wp\/v2\/pages\/953"}],"collection":[{"href":"https:\/\/www.hospitalonativia.gob.ar\/index.php?rest_route=\/wp\/v2\/pages"}],"about":[{"href":"https:\/\/www.hospitalonativia.gob.ar\/index.php?rest_route=\/wp\/v2\/types\/page"}],"author":[{"embeddable":true,"href":"https:\/\/www.hospitalonativia.gob.ar\/index.php?rest_route=\/wp\/v2\/users\/2"}],"replies":[{"embeddable":true,"href":"https:\/\/www.hospitalonativia.gob.ar\/index.php?rest_route=%2Fwp%2Fv2%2Fcomments&post=953"}],"version-history":[{"count":6,"href":"https:\/\/www.hospitalonativia.gob.ar\/index.php?rest_route=\/wp\/v2\/pages\/953\/revisions"}],"predecessor-version":[{"id":1835,"href":"https:\/\/www.hospitalonativia.gob.ar\/index.php?rest_route=\/wp\/v2\/pages\/953\/revisions\/1835"}],"wp:attachment":[{"href":"https:\/\/www.hospitalonativia.gob.ar\/index.php?rest_route=%2Fwp%2Fv2%2Fmedia&parent=953"}],"curies":[{"name":"wp","href":"https:\/\/api.w.org\/{rel}","templated":true}]}}