{"id":964,"date":"2017-06-23T09:54:33","date_gmt":"2017-06-23T12:54:33","guid":{"rendered":"http:\/\/www.hospitalonativia.gob.ar\/?page_id=964"},"modified":"2024-08-19T11:08:48","modified_gmt":"2024-08-19T14:08:48","slug":"comision-asesora-de-docencia-e-investigacion","status":"publish","type":"page","link":"https:\/\/www.hospitalonativia.gob.ar\/?page_id=964","title":{"rendered":"Comisi\u00f3n Asesora de Docencia e Investigaci\u00f3n"},"content":{"rendered":"<p><strong>La Comisi\u00f3n Asesora de Docencia e Investigaci\u00f3n se constituye por selecci\u00f3n interna de antecedentes curriculares de profesionales de las ciencias biosanitarias (facultativas y no facultativas, de planta permanente o con designaci\u00f3n temporaria) del Hospital Dr. Arturo O\u00f1ativia, con el fin de desarrollar actividades para la formaci\u00f3n y perfeccionamiento del recurso humano de modo de elevar la calidad de atenci\u00f3n y prestaciones de los servicios de salud a la comunidad; y la de favorecer los proyectos de investigaci\u00f3n en un marco de desarrollo conjunto con los campos asistencial y docente.<\/strong><\/p>\n<p>Dra. Aida Campero<\/p>\n<p>Dra. Alejandra Visich<\/p>\n<p>Dra. Mirian Diaz Heredia<\/p>\n<p>Lic. Florencia Albarracin<\/p>\n<p>Lic. Norma Tolaba<\/p>\n<p>Lic. Juan Ramos<\/p>\n","protected":false},"excerpt":{"rendered":"<p>La Comisi\u00f3n Asesora de Docencia e Investigaci\u00f3n se constituye por selecci\u00f3n interna de antecedentes curriculares de profesionales de las ciencias<\/p>\n","protected":false},"author":2,"featured_media":0,"parent":0,"menu_order":0,"comment_status":"closed","ping_status":"closed","template":"","meta":{"footnotes":""},"class_list":["post-964","page","type-page","status-publish","hentry"],"yoast_head":"<!-- This site is optimized with the Yoast SEO plugin v18.0 - https:\/\/yoast.com\/wordpress\/plugins\/seo\/ -->\n<title>Comisi\u00f3n Asesora de Docencia e Investigaci\u00f3n - Hospital Dr. Arturo O\u00f1ativia<\/title>\n<meta name=\"robots\" content=\"index, follow, max-snippet:-1, max-image-preview:large, max-video-preview:-1\" \/>\n<link rel=\"canonical\" href=\"https:\/\/www.hospitalonativia.gob.ar\/?page_id=964\" \/>\n<meta property=\"og:locale\" content=\"es_ES\" \/>\n<meta property=\"og:type\" content=\"article\" \/>\n<meta property=\"og:title\" content=\"Comisi\u00f3n Asesora de Docencia e Investigaci\u00f3n - Hospital Dr. Arturo O\u00f1ativia\" \/>\n<meta property=\"og:description\" content=\"La Comisi\u00f3n Asesora de Docencia e Investigaci\u00f3n se constituye por selecci\u00f3n interna de antecedentes curriculares de profesionales de las ciencias\" \/>\n<meta property=\"og:url\" content=\"https:\/\/www.hospitalonativia.gob.ar\/?page_id=964\" \/>\n<meta property=\"og:site_name\" content=\"Hospital Dr. Arturo O\u00f1ativia\" \/>\n<meta property=\"article:modified_time\" content=\"2024-08-19T14:08:48+00:00\" \/>\n<meta name=\"twitter:card\" content=\"summary_large_image\" \/>\n<meta name=\"twitter:label1\" content=\"Tiempo de lectura\" \/>\n\t<meta name=\"twitter:data1\" content=\"1 minuto\" \/>\n<script type=\"application\/ld+json\" class=\"yoast-schema-graph\">{\"@context\":\"https:\/\/schema.org\",\"@graph\":[{\"@type\":\"WebSite\",\"@id\":\"https:\/\/www.hospitalonativia.gob.ar\/#website\",\"url\":\"https:\/\/www.hospitalonativia.gob.ar\/\",\"name\":\"Hospital Dr. Arturo O\u00f1ativia\",\"description\":\"Salta Capital\",\"potentialAction\":[{\"@type\":\"SearchAction\",\"target\":{\"@type\":\"EntryPoint\",\"urlTemplate\":\"https:\/\/www.hospitalonativia.gob.ar\/?s={search_term_string}\"},\"query-input\":\"required name=search_term_string\"}],\"inLanguage\":\"es\"},{\"@type\":\"WebPage\",\"@id\":\"https:\/\/www.hospitalonativia.gob.ar\/?page_id=964#webpage\",\"url\":\"https:\/\/www.hospitalonativia.gob.ar\/?page_id=964\",\"name\":\"Comisi\u00f3n Asesora de Docencia e Investigaci\u00f3n - Hospital Dr. Arturo O\u00f1ativia\",\"isPartOf\":{\"@id\":\"https:\/\/www.hospitalonativia.gob.ar\/#website\"},\"datePublished\":\"2017-06-23T12:54:33+00:00\",\"dateModified\":\"2024-08-19T14:08:48+00:00\",\"breadcrumb\":{\"@id\":\"https:\/\/www.hospitalonativia.gob.ar\/?page_id=964#breadcrumb\"},\"inLanguage\":\"es\",\"potentialAction\":[{\"@type\":\"ReadAction\",\"target\":[\"https:\/\/www.hospitalonativia.gob.ar\/?page_id=964\"]}]},{\"@type\":\"BreadcrumbList\",\"@id\":\"https:\/\/www.hospitalonativia.gob.ar\/?page_id=964#breadcrumb\",\"itemListElement\":[{\"@type\":\"ListItem\",\"position\":1,\"name\":\"Portada\",\"item\":\"https:\/\/www.hospitalonativia.gob.ar\/\"},{\"@type\":\"ListItem\",\"position\":2,\"name\":\"Comisi\u00f3n Asesora de Docencia e Investigaci\u00f3n\"}]}]}<\/script>\n<!-- \/ Yoast SEO plugin. -->","yoast_head_json":{"title":"Comisi\u00f3n Asesora de Docencia e Investigaci\u00f3n - Hospital Dr. Arturo O\u00f1ativia","robots":{"index":"index","follow":"follow","max-snippet":"max-snippet:-1","max-image-preview":"max-image-preview:large","max-video-preview":"max-video-preview:-1"},"canonical":"https:\/\/www.hospitalonativia.gob.ar\/?page_id=964","og_locale":"es_ES","og_type":"article","og_title":"Comisi\u00f3n Asesora de Docencia e Investigaci\u00f3n - Hospital Dr. Arturo O\u00f1ativia","og_description":"La Comisi\u00f3n Asesora de Docencia e Investigaci\u00f3n se constituye por selecci\u00f3n interna de antecedentes curriculares de profesionales de las ciencias","og_url":"https:\/\/www.hospitalonativia.gob.ar\/?page_id=964","og_site_name":"Hospital Dr. Arturo O\u00f1ativia","article_modified_time":"2024-08-19T14:08:48+00:00","twitter_card":"summary_large_image","twitter_misc":{"Tiempo de lectura":"1 minuto"},"schema":{"@context":"https:\/\/schema.org","@graph":[{"@type":"WebSite","@id":"https:\/\/www.hospitalonativia.gob.ar\/#website","url":"https:\/\/www.hospitalonativia.gob.ar\/","name":"Hospital Dr. Arturo O\u00f1ativia","description":"Salta Capital","potentialAction":[{"@type":"SearchAction","target":{"@type":"EntryPoint","urlTemplate":"https:\/\/www.hospitalonativia.gob.ar\/?s={search_term_string}"},"query-input":"required name=search_term_string"}],"inLanguage":"es"},{"@type":"WebPage","@id":"https:\/\/www.hospitalonativia.gob.ar\/?page_id=964#webpage","url":"https:\/\/www.hospitalonativia.gob.ar\/?page_id=964","name":"Comisi\u00f3n Asesora de Docencia e Investigaci\u00f3n - Hospital Dr. Arturo O\u00f1ativia","isPartOf":{"@id":"https:\/\/www.hospitalonativia.gob.ar\/#website"},"datePublished":"2017-06-23T12:54:33+00:00","dateModified":"2024-08-19T14:08:48+00:00","breadcrumb":{"@id":"https:\/\/www.hospitalonativia.gob.ar\/?page_id=964#breadcrumb"},"inLanguage":"es","potentialAction":[{"@type":"ReadAction","target":["https:\/\/www.hospitalonativia.gob.ar\/?page_id=964"]}]},{"@type":"BreadcrumbList","@id":"https:\/\/www.hospitalonativia.gob.ar\/?page_id=964#breadcrumb","itemListElement":[{"@type":"ListItem","position":1,"name":"Portada","item":"https:\/\/www.hospitalonativia.gob.ar\/"},{"@type":"ListItem","position":2,"name":"Comisi\u00f3n Asesora de Docencia e Investigaci\u00f3n"}]}]}},"_links":{"self":[{"href":"https:\/\/www.hospitalonativia.gob.ar\/index.php?rest_route=\/wp\/v2\/pages\/964"}],"collection":[{"href":"https:\/\/www.hospitalonativia.gob.ar\/index.php?rest_route=\/wp\/v2\/pages"}],"about":[{"href":"https:\/\/www.hospitalonativia.gob.ar\/index.php?rest_route=\/wp\/v2\/types\/page"}],"author":[{"embeddable":true,"href":"https:\/\/www.hospitalonativia.gob.ar\/index.php?rest_route=\/wp\/v2\/users\/2"}],"replies":[{"embeddable":true,"href":"https:\/\/www.hospitalonativia.gob.ar\/index.php?rest_route=%2Fwp%2Fv2%2Fcomments&post=964"}],"version-history":[{"count":2,"href":"https:\/\/www.hospitalonativia.gob.ar\/index.php?rest_route=\/wp\/v2\/pages\/964\/revisions"}],"predecessor-version":[{"id":1896,"href":"https:\/\/www.hospitalonativia.gob.ar\/index.php?rest_route=\/wp\/v2\/pages\/964\/revisions\/1896"}],"wp:attachment":[{"href":"https:\/\/www.hospitalonativia.gob.ar\/index.php?rest_route=%2Fwp%2Fv2%2Fmedia&parent=964"}],"curies":[{"name":"wp","href":"https:\/\/api.w.org\/{rel}","templated":true}]}}